{"version":"1.0","provider_name":"R\u00e9seau qu\u00e9b\u00e9cois des a\u00e9roports","provider_url":"https:\/\/reseauquebecoisdesaeroports.ca\/en\/","author_name":"reseauq","author_url":"https:\/\/reseauquebecoisdesaeroports.ca\/en\/author\/reseauq\/","title":"Des a\u00e9roports r\u00e9gionaux demandent l\u2019aide de Qu\u00e9bec - R\u00e9seau qu\u00e9b\u00e9cois des a\u00e9roports","type":"rich","width":600,"height":338,"html":"<blockquote class=\"wp-embedded-content\" data-secret=\"02weq8oF2r\"><a href=\"https:\/\/reseauquebecoisdesaeroports.ca\/en\/new\/aeroports-regionaux-demandent-aide-quebec\/\">Des a\u00e9roports r\u00e9gionaux demandent l\u2019aide de Qu\u00e9bec<\/a><\/blockquote><iframe sandbox=\"allow-scripts\" security=\"restricted\" src=\"https:\/\/reseauquebecoisdesaeroports.ca\/en\/new\/aeroports-regionaux-demandent-aide-quebec\/embed\/#?secret=02weq8oF2r\" width=\"600\" height=\"338\" title=\"&#8220;Des a\u00e9roports r\u00e9gionaux demandent l\u2019aide de Qu\u00e9bec&#8221; &#8212; R\u00e9seau qu\u00e9b\u00e9cois des a\u00e9roports\" data-secret=\"02weq8oF2r\" frameborder=\"0\" marginwidth=\"0\" marginheight=\"0\" scrolling=\"no\" class=\"wp-embedded-content\"><\/iframe><script type=\"text\/javascript\">\n\/* <![CDATA[ *\/\n\/*! This file is auto-generated *\/\n!function(d,l){\"use strict\";l.querySelector&&d.addEventListener&&\"undefined\"!=typeof URL&&(d.wp=d.wp||{},d.wp.receiveEmbedMessage||(d.wp.receiveEmbedMessage=function(e){var t=e.data;if((t||t.secret||t.message||t.value)&&!\/[^a-zA-Z0-9]\/.test(t.secret)){for(var s,r,n,a=l.querySelectorAll('iframe[data-secret=\"'+t.secret+'\"]'),o=l.querySelectorAll('blockquote[data-secret=\"'+t.secret+'\"]'),c=new RegExp(\"^https?:$\",\"i\"),i=0;i<o.length;i++)o[i].style.display=\"none\";for(i=0;i<a.length;i++)s=a[i],e.source===s.contentWindow&&(s.removeAttribute(\"style\"),\"height\"===t.message?(1e3<(r=parseInt(t.value,10))?r=1e3:~~r<200&&(r=200),s.height=r):\"link\"===t.message&&(r=new URL(s.getAttribute(\"src\")),n=new URL(t.value),c.test(n.protocol))&&n.host===r.host&&l.activeElement===s&&(d.top.location.href=t.value))}},d.addEventListener(\"message\",d.wp.receiveEmbedMessage,!1),l.addEventListener(\"DOMContentLoaded\",function(){for(var e,t,s=l.querySelectorAll(\"iframe.wp-embedded-content\"),r=0;r<s.length;r++)(t=(e=s[r]).getAttribute(\"data-secret\"))||(t=Math.random().toString(36).substring(2,12),e.src+=\"#?secret=\"+t,e.setAttribute(\"data-secret\",t)),e.contentWindow.postMessage({message:\"ready\",secret:t},\"*\")},!1)))}(window,document);\n\/\/# sourceURL=https:\/\/reseauquebecoisdesaeroports.ca\/wp-includes\/js\/wp-embed.min.js\n\/* ]]> *\/\n<\/script>\n","description":"Cinq a\u00e9roports r\u00e9gionaux du Qu\u00e9bec ont annonc\u00e9 la cr\u00e9ation d\u2019un comit\u00e9 de survie pour venir en aide aux a\u00e9roports qui n\u2019ont pas eu acc\u00e8s \u00e0 l\u2019aide accord\u00e9e aux municipalit\u00e9s. Le comit\u00e9 est compos\u00e9 des a\u00e9roports de Val-d\u2019Or, Mont-Tremblant, Mont-Joli, Charlevoix et Baie&#8209;Comeau. Selon le R\u00e9seau qu\u00e9b\u00e9cois des a\u00e9roports, la perte..."}

Réseau québécois des aéroports

Des aéroports régionaux demandent l’aide de Québec - Réseau québécois des aéroports

<blockquote class="wp-embedded-content" data-secret="02weq8oF2r"><a href="https://reseauquebecoisdesaeroports.ca/en/new/aeroports-regionaux-demandent-aide-quebec/">Des aéroports régionaux demandent l’aide de Québec</a></blockquote><iframe sandbox="allow-scripts" security="restricted" src="https://reseauquebecoisdesaeroports.ca/en/new/aeroports-regionaux-demandent-aide-quebec/embed/#?secret=02weq8oF2r" width="600" height="338" title="&#8220;Des aéroports régionaux demandent l’aide de Québec&#8221; &#8212; Réseau québécois des aéroports" data-secret="02weq8oF2r" frameborder="0" marginwidth="0" marginheight="0" scrolling="no" class="wp-embedded-content"></iframe><script type="text/javascript">
/* <![CDATA[ */
/*! This file is auto-generated */
!function(d,l){"use strict";l.querySelector&&d.addEventListener&&"undefined"!=typeof URL&&(d.wp=d.wp||{},d.wp.receiveEmbedMessage||(d.wp.receiveEmbedMessage=function(e){var t=e.data;if((t||t.secret||t.message||t.value)&&!/[^a-zA-Z0-9]/.test(t.secret)){for(var s,r,n,a=l.querySelectorAll('iframe[data-secret="'+t.secret+'"]'),o=l.querySelectorAll('blockquote[data-secret="'+t.secret+'"]'),c=new RegExp("^https?:$","i"),i=0;i<o.length;i++)o[i].style.display="none";for(i=0;i<a.length;i++)s=a[i],e.source===s.contentWindow&&(s.removeAttribute("style"),"height"===t.message?(1e3<(r=parseInt(t.value,10))?r=1e3:~~r<200&&(r=200),s.height=r):"link"===t.message&&(r=new URL(s.getAttribute("src")),n=new URL(t.value),c.test(n.protocol))&&n.host===r.host&&l.activeElement===s&&(d.top.location.href=t.value))}},d.addEventListener("message",d.wp.receiveEmbedMessage,!1),l.addEventListener("DOMContentLoaded",function(){for(var e,t,s=l.querySelectorAll("iframe.wp-embedded-content"),r=0;r<s.length;r++)(t=(e=s[r]).getAttribute("data-secret"))||(t=Math.random().toString(36).substring(2,12),e.src+="#?secret="+t,e.setAttribute("data-secret",t)),e.contentWindow.postMessage({message:"ready",secret:t},"*")},!1)))}(window,document);
//# sourceURL=https://reseauquebecoisdesaeroports.ca/wp-includes/js/wp-embed.min.js
/* ]]> */
</script>

Cinq aéroports régionaux du Québec ont annoncé la création d’un comité de survie pour venir en aide aux aéroports qui n’ont pas eu accès à l’aide accordée aux municipalités. Le comité est composé des aéroports de Val-d’Or, Mont-Tremblant, Mont-Joli, Charlevoix et Baie&#8209;Comeau. Selon le Réseau québécois des aéroports, la perte...
