{"version":"1.0","provider_name":"R\u00e9seau qu\u00e9b\u00e9cois des a\u00e9roports","provider_url":"https:\/\/reseauquebecoisdesaeroports.ca\/en\/","author_name":"reseauq","author_url":"https:\/\/reseauquebecoisdesaeroports.ca\/en\/author\/reseauq\/","title":"Chute de 70 % du nombre de passagers \u00e0 l\u2019a\u00e9roport Pearson de Toronto - R\u00e9seau qu\u00e9b\u00e9cois des a\u00e9roports","type":"rich","width":600,"height":338,"html":"<blockquote class=\"wp-embedded-content\" data-secret=\"Sin8vkWRlJ\"><a href=\"https:\/\/reseauquebecoisdesaeroports.ca\/en\/new\/chute-nombre-passagers-aeroport-pearson\/\">Chute de 70 % du nombre de passagers \u00e0 l\u2019a\u00e9roport Pearson de Toronto<\/a><\/blockquote><iframe sandbox=\"allow-scripts\" security=\"restricted\" src=\"https:\/\/reseauquebecoisdesaeroports.ca\/en\/new\/chute-nombre-passagers-aeroport-pearson\/embed\/#?secret=Sin8vkWRlJ\" width=\"600\" height=\"338\" title=\"&#8220;Chute de 70 % du nombre de passagers \u00e0 l\u2019a\u00e9roport Pearson de Toronto&#8221; &#8212; R\u00e9seau qu\u00e9b\u00e9cois des a\u00e9roports\" data-secret=\"Sin8vkWRlJ\" frameborder=\"0\" marginwidth=\"0\" marginheight=\"0\" scrolling=\"no\" class=\"wp-embedded-content\"><\/iframe><script type=\"text\/javascript\">\n\/* <![CDATA[ *\/\n\/*! This file is auto-generated *\/\n!function(d,l){\"use strict\";l.querySelector&&d.addEventListener&&\"undefined\"!=typeof URL&&(d.wp=d.wp||{},d.wp.receiveEmbedMessage||(d.wp.receiveEmbedMessage=function(e){var t=e.data;if((t||t.secret||t.message||t.value)&&!\/[^a-zA-Z0-9]\/.test(t.secret)){for(var s,r,n,a=l.querySelectorAll('iframe[data-secret=\"'+t.secret+'\"]'),o=l.querySelectorAll('blockquote[data-secret=\"'+t.secret+'\"]'),c=new RegExp(\"^https?:$\",\"i\"),i=0;i<o.length;i++)o[i].style.display=\"none\";for(i=0;i<a.length;i++)s=a[i],e.source===s.contentWindow&&(s.removeAttribute(\"style\"),\"height\"===t.message?(1e3<(r=parseInt(t.value,10))?r=1e3:~~r<200&&(r=200),s.height=r):\"link\"===t.message&&(r=new URL(s.getAttribute(\"src\")),n=new URL(t.value),c.test(n.protocol))&&n.host===r.host&&l.activeElement===s&&(d.top.location.href=t.value))}},d.addEventListener(\"message\",d.wp.receiveEmbedMessage,!1),l.addEventListener(\"DOMContentLoaded\",function(){for(var e,t,s=l.querySelectorAll(\"iframe.wp-embedded-content\"),r=0;r<s.length;r++)(t=(e=s[r]).getAttribute(\"data-secret\"))||(t=Math.random().toString(36).substring(2,12),e.src+=\"#?secret=\"+t,e.setAttribute(\"data-secret\",t)),e.contentWindow.postMessage({message:\"ready\",secret:t},\"*\")},!1)))}(window,document);\n\/\/# sourceURL=https:\/\/reseauquebecoisdesaeroports.ca\/wp-includes\/js\/wp-embed.min.js\n\/* ]]> *\/\n<\/script>\n","description":"La p\u00e9riode des F\u00eates sera diff\u00e9rente cette ann\u00e9e \u00e0 l\u2019a\u00e9roport de Toronto. Le nombre de passagers a fondu, passant de 38,6 millions l\u2019an dernier \u00e0 11,8 millions de passagers pour la m\u00eame p\u00e9riode cette ann\u00e9e. L\u2019a\u00e9roport esp\u00e8re une l\u00e9g\u00e8re reprise au printemps gr\u00e2ce \u00e0 l\u2019arriv\u00e9e du vaccin contre la COVID-19...."}

Réseau québécois des aéroports

Chute de 70 % du nombre de passagers à l’aéroport Pearson de Toronto - Réseau québécois des aéroports

<blockquote class="wp-embedded-content" data-secret="Sin8vkWRlJ"><a href="https://reseauquebecoisdesaeroports.ca/en/new/chute-nombre-passagers-aeroport-pearson/">Chute de 70 % du nombre de passagers à l’aéroport Pearson de Toronto</a></blockquote><iframe sandbox="allow-scripts" security="restricted" src="https://reseauquebecoisdesaeroports.ca/en/new/chute-nombre-passagers-aeroport-pearson/embed/#?secret=Sin8vkWRlJ" width="600" height="338" title="&#8220;Chute de 70 % du nombre de passagers à l’aéroport Pearson de Toronto&#8221; &#8212; Réseau québécois des aéroports" data-secret="Sin8vkWRlJ" frameborder="0" marginwidth="0" marginheight="0" scrolling="no" class="wp-embedded-content"></iframe><script type="text/javascript">
/* <![CDATA[ */
/*! This file is auto-generated */
!function(d,l){"use strict";l.querySelector&&d.addEventListener&&"undefined"!=typeof URL&&(d.wp=d.wp||{},d.wp.receiveEmbedMessage||(d.wp.receiveEmbedMessage=function(e){var t=e.data;if((t||t.secret||t.message||t.value)&&!/[^a-zA-Z0-9]/.test(t.secret)){for(var s,r,n,a=l.querySelectorAll('iframe[data-secret="'+t.secret+'"]'),o=l.querySelectorAll('blockquote[data-secret="'+t.secret+'"]'),c=new RegExp("^https?:$","i"),i=0;i<o.length;i++)o[i].style.display="none";for(i=0;i<a.length;i++)s=a[i],e.source===s.contentWindow&&(s.removeAttribute("style"),"height"===t.message?(1e3<(r=parseInt(t.value,10))?r=1e3:~~r<200&&(r=200),s.height=r):"link"===t.message&&(r=new URL(s.getAttribute("src")),n=new URL(t.value),c.test(n.protocol))&&n.host===r.host&&l.activeElement===s&&(d.top.location.href=t.value))}},d.addEventListener("message",d.wp.receiveEmbedMessage,!1),l.addEventListener("DOMContentLoaded",function(){for(var e,t,s=l.querySelectorAll("iframe.wp-embedded-content"),r=0;r<s.length;r++)(t=(e=s[r]).getAttribute("data-secret"))||(t=Math.random().toString(36).substring(2,12),e.src+="#?secret="+t,e.setAttribute("data-secret",t)),e.contentWindow.postMessage({message:"ready",secret:t},"*")},!1)))}(window,document);
//# sourceURL=https://reseauquebecoisdesaeroports.ca/wp-includes/js/wp-embed.min.js
/* ]]> */
</script>

La période des Fêtes sera différente cette année à l’aéroport de Toronto. Le nombre de passagers a fondu, passant de 38,6 millions l’an dernier à 11,8 millions de passagers pour la même période cette année. L’aéroport espère une légère reprise au printemps grâce à l’arrivée du vaccin contre la COVID-19....
