{"version":"1.0","provider_name":"R\u00e9seau qu\u00e9b\u00e9cois des a\u00e9roports","provider_url":"https:\/\/reseauquebecoisdesaeroports.ca\/en\/","author_name":"reseauq","author_url":"https:\/\/reseauquebecoisdesaeroports.ca\/en\/author\/reseauq\/","title":"La coop\u00e9rative qu\u00e9b\u00e9coise veut d\u00e9coller d\u2019ici l\u2019\u00e9t\u00e9 - R\u00e9seau qu\u00e9b\u00e9cois des a\u00e9roports","type":"rich","width":600,"height":338,"html":"<blockquote class=\"wp-embedded-content\" data-secret=\"ewsH9WaleV\"><a href=\"https:\/\/reseauquebecoisdesaeroports.ca\/en\/new\/cooperative-quebecoise-decoller-ete\/\">La coop\u00e9rative qu\u00e9b\u00e9coise veut d\u00e9coller d\u2019ici l\u2019\u00e9t\u00e9<\/a><\/blockquote><iframe sandbox=\"allow-scripts\" security=\"restricted\" src=\"https:\/\/reseauquebecoisdesaeroports.ca\/en\/new\/cooperative-quebecoise-decoller-ete\/embed\/#?secret=ewsH9WaleV\" width=\"600\" height=\"338\" title=\"&#8220;La coop\u00e9rative qu\u00e9b\u00e9coise veut d\u00e9coller d\u2019ici l\u2019\u00e9t\u00e9&#8221; &#8212; R\u00e9seau qu\u00e9b\u00e9cois des a\u00e9roports\" data-secret=\"ewsH9WaleV\" frameborder=\"0\" marginwidth=\"0\" marginheight=\"0\" scrolling=\"no\" class=\"wp-embedded-content\"><\/iframe><script type=\"text\/javascript\">\n\/* <![CDATA[ *\/\n\/*! This file is auto-generated *\/\n!function(d,l){\"use strict\";l.querySelector&&d.addEventListener&&\"undefined\"!=typeof URL&&(d.wp=d.wp||{},d.wp.receiveEmbedMessage||(d.wp.receiveEmbedMessage=function(e){var t=e.data;if((t||t.secret||t.message||t.value)&&!\/[^a-zA-Z0-9]\/.test(t.secret)){for(var s,r,n,a=l.querySelectorAll('iframe[data-secret=\"'+t.secret+'\"]'),o=l.querySelectorAll('blockquote[data-secret=\"'+t.secret+'\"]'),c=new RegExp(\"^https?:$\",\"i\"),i=0;i<o.length;i++)o[i].style.display=\"none\";for(i=0;i<a.length;i++)s=a[i],e.source===s.contentWindow&&(s.removeAttribute(\"style\"),\"height\"===t.message?(1e3<(r=parseInt(t.value,10))?r=1e3:~~r<200&&(r=200),s.height=r):\"link\"===t.message&&(r=new URL(s.getAttribute(\"src\")),n=new URL(t.value),c.test(n.protocol))&&n.host===r.host&&l.activeElement===s&&(d.top.location.href=t.value))}},d.addEventListener(\"message\",d.wp.receiveEmbedMessage,!1),l.addEventListener(\"DOMContentLoaded\",function(){for(var e,t,s=l.querySelectorAll(\"iframe.wp-embedded-content\"),r=0;r<s.length;r++)(t=(e=s[r]).getAttribute(\"data-secret\"))||(t=Math.random().toString(36).substring(2,12),e.src+=\"#?secret=\"+t,e.setAttribute(\"data-secret\",t)),e.contentWindow.postMessage({message:\"ready\",secret:t},\"*\")},!1)))}(window,document);\n\/\/# sourceURL=https:\/\/reseauquebecoisdesaeroports.ca\/wp-includes\/js\/wp-embed.min.js\n\/* ]]> *\/\n<\/script>\n","description":"La Coop\u00e9rative de transport r\u00e9gional du Qu\u00e9bec (TREQ) s\u2019appr\u00eate \u00e0 commencer sa campagne de recrutement. La mise en service devrait avoir lieu en mai ou juin 2021. En raison de la pr\u00e9sente crise, de nombreux pilotes se cherchent un emploi et l\u2019entreprise a re\u00e7u des centaines de CV.&nbsp;TREQ op\u00e9rera une..."}

Réseau québécois des aéroports

La coopérative québécoise veut décoller d’ici l’été - Réseau québécois des aéroports

<blockquote class="wp-embedded-content" data-secret="ewsH9WaleV"><a href="https://reseauquebecoisdesaeroports.ca/en/new/cooperative-quebecoise-decoller-ete/">La coopérative québécoise veut décoller d’ici l’été</a></blockquote><iframe sandbox="allow-scripts" security="restricted" src="https://reseauquebecoisdesaeroports.ca/en/new/cooperative-quebecoise-decoller-ete/embed/#?secret=ewsH9WaleV" width="600" height="338" title="&#8220;La coopérative québécoise veut décoller d’ici l’été&#8221; &#8212; Réseau québécois des aéroports" data-secret="ewsH9WaleV" frameborder="0" marginwidth="0" marginheight="0" scrolling="no" class="wp-embedded-content"></iframe><script type="text/javascript">
/* <![CDATA[ */
/*! This file is auto-generated */
!function(d,l){"use strict";l.querySelector&&d.addEventListener&&"undefined"!=typeof URL&&(d.wp=d.wp||{},d.wp.receiveEmbedMessage||(d.wp.receiveEmbedMessage=function(e){var t=e.data;if((t||t.secret||t.message||t.value)&&!/[^a-zA-Z0-9]/.test(t.secret)){for(var s,r,n,a=l.querySelectorAll('iframe[data-secret="'+t.secret+'"]'),o=l.querySelectorAll('blockquote[data-secret="'+t.secret+'"]'),c=new RegExp("^https?:$","i"),i=0;i<o.length;i++)o[i].style.display="none";for(i=0;i<a.length;i++)s=a[i],e.source===s.contentWindow&&(s.removeAttribute("style"),"height"===t.message?(1e3<(r=parseInt(t.value,10))?r=1e3:~~r<200&&(r=200),s.height=r):"link"===t.message&&(r=new URL(s.getAttribute("src")),n=new URL(t.value),c.test(n.protocol))&&n.host===r.host&&l.activeElement===s&&(d.top.location.href=t.value))}},d.addEventListener("message",d.wp.receiveEmbedMessage,!1),l.addEventListener("DOMContentLoaded",function(){for(var e,t,s=l.querySelectorAll("iframe.wp-embedded-content"),r=0;r<s.length;r++)(t=(e=s[r]).getAttribute("data-secret"))||(t=Math.random().toString(36).substring(2,12),e.src+="#?secret="+t,e.setAttribute("data-secret",t)),e.contentWindow.postMessage({message:"ready",secret:t},"*")},!1)))}(window,document);
//# sourceURL=https://reseauquebecoisdesaeroports.ca/wp-includes/js/wp-embed.min.js
/* ]]> */
</script>

La Coopérative de transport régional du Québec (TREQ) s’apprête à commencer sa campagne de recrutement. La mise en service devrait avoir lieu en mai ou juin 2021. En raison de la présente crise, de nombreux pilotes se cherchent un emploi et l’entreprise a reçu des centaines de CV.&nbsp;TREQ opérera une...
