{"version":"1.0","provider_name":"R\u00e9seau qu\u00e9b\u00e9cois des a\u00e9roports","provider_url":"https:\/\/reseauquebecoisdesaeroports.ca\/en\/","author_name":"reseauq","author_url":"https:\/\/reseauquebecoisdesaeroports.ca\/en\/author\/reseauq\/","title":"La COVID-19 inqui\u00e8te des travailleurs \u00e9trangers temporaires, disent des intervenants - R\u00e9seau qu\u00e9b\u00e9cois des a\u00e9roports","type":"rich","width":600,"height":338,"html":"<blockquote class=\"wp-embedded-content\" data-secret=\"4qcXtTvTKv\"><a href=\"https:\/\/reseauquebecoisdesaeroports.ca\/en\/new\/covid-19-inquiete-travailleurs-etrangers-temporaires\/\">La COVID-19 inqui\u00e8te des travailleurs \u00e9trangers temporaires, disent des intervenants<\/a><\/blockquote><iframe sandbox=\"allow-scripts\" security=\"restricted\" src=\"https:\/\/reseauquebecoisdesaeroports.ca\/en\/new\/covid-19-inquiete-travailleurs-etrangers-temporaires\/embed\/#?secret=4qcXtTvTKv\" width=\"600\" height=\"338\" title=\"&#8220;La COVID-19 inqui\u00e8te des travailleurs \u00e9trangers temporaires, disent des intervenants&#8221; &#8212; R\u00e9seau qu\u00e9b\u00e9cois des a\u00e9roports\" data-secret=\"4qcXtTvTKv\" frameborder=\"0\" marginwidth=\"0\" marginheight=\"0\" scrolling=\"no\" class=\"wp-embedded-content\"><\/iframe><script type=\"text\/javascript\">\n\/* <![CDATA[ *\/\n\/*! This file is auto-generated *\/\n!function(d,l){\"use strict\";l.querySelector&&d.addEventListener&&\"undefined\"!=typeof URL&&(d.wp=d.wp||{},d.wp.receiveEmbedMessage||(d.wp.receiveEmbedMessage=function(e){var t=e.data;if((t||t.secret||t.message||t.value)&&!\/[^a-zA-Z0-9]\/.test(t.secret)){for(var s,r,n,a=l.querySelectorAll('iframe[data-secret=\"'+t.secret+'\"]'),o=l.querySelectorAll('blockquote[data-secret=\"'+t.secret+'\"]'),c=new RegExp(\"^https?:$\",\"i\"),i=0;i<o.length;i++)o[i].style.display=\"none\";for(i=0;i<a.length;i++)s=a[i],e.source===s.contentWindow&&(s.removeAttribute(\"style\"),\"height\"===t.message?(1e3<(r=parseInt(t.value,10))?r=1e3:~~r<200&&(r=200),s.height=r):\"link\"===t.message&&(r=new URL(s.getAttribute(\"src\")),n=new URL(t.value),c.test(n.protocol))&&n.host===r.host&&l.activeElement===s&&(d.top.location.href=t.value))}},d.addEventListener(\"message\",d.wp.receiveEmbedMessage,!1),l.addEventListener(\"DOMContentLoaded\",function(){for(var e,t,s=l.querySelectorAll(\"iframe.wp-embedded-content\"),r=0;r<s.length;r++)(t=(e=s[r]).getAttribute(\"data-secret\"))||(t=Math.random().toString(36).substring(2,12),e.src+=\"#?secret=\"+t,e.setAttribute(\"data-secret\",t)),e.contentWindow.postMessage({message:\"ready\",secret:t},\"*\")},!1)))}(window,document);\n\/\/# sourceURL=https:\/\/reseauquebecoisdesaeroports.ca\/wp-includes\/js\/wp-embed.min.js\n\/* ]]> *\/\n<\/script>\n","description":"\u00c0 quelques mois du d\u00e9but des travaux agricoles, l\u2019arriv\u00e9e de travailleurs \u00e9trangers soul\u00e8ve des pr\u00e9occupations. Ceux-ci ne sont pas soumis aux restrictions de voyage mais doivent faire une quarantaine de 14 jours et subir un test de d\u00e9pistage \u00e0 leurs frais. Des intervenants sp\u00e9cialis\u00e9s d\u00e9sirent attirer l\u2019attention sur les enjeux..."}

Réseau québécois des aéroports

La COVID-19 inquiète des travailleurs étrangers temporaires, disent des intervenants - Réseau québécois des aéroports

<blockquote class="wp-embedded-content" data-secret="4qcXtTvTKv"><a href="https://reseauquebecoisdesaeroports.ca/en/new/covid-19-inquiete-travailleurs-etrangers-temporaires/">La COVID-19 inquiète des travailleurs étrangers temporaires, disent des intervenants</a></blockquote><iframe sandbox="allow-scripts" security="restricted" src="https://reseauquebecoisdesaeroports.ca/en/new/covid-19-inquiete-travailleurs-etrangers-temporaires/embed/#?secret=4qcXtTvTKv" width="600" height="338" title="&#8220;La COVID-19 inquiète des travailleurs étrangers temporaires, disent des intervenants&#8221; &#8212; Réseau québécois des aéroports" data-secret="4qcXtTvTKv" frameborder="0" marginwidth="0" marginheight="0" scrolling="no" class="wp-embedded-content"></iframe><script type="text/javascript">
/* <![CDATA[ */
/*! This file is auto-generated */
!function(d,l){"use strict";l.querySelector&&d.addEventListener&&"undefined"!=typeof URL&&(d.wp=d.wp||{},d.wp.receiveEmbedMessage||(d.wp.receiveEmbedMessage=function(e){var t=e.data;if((t||t.secret||t.message||t.value)&&!/[^a-zA-Z0-9]/.test(t.secret)){for(var s,r,n,a=l.querySelectorAll('iframe[data-secret="'+t.secret+'"]'),o=l.querySelectorAll('blockquote[data-secret="'+t.secret+'"]'),c=new RegExp("^https?:$","i"),i=0;i<o.length;i++)o[i].style.display="none";for(i=0;i<a.length;i++)s=a[i],e.source===s.contentWindow&&(s.removeAttribute("style"),"height"===t.message?(1e3<(r=parseInt(t.value,10))?r=1e3:~~r<200&&(r=200),s.height=r):"link"===t.message&&(r=new URL(s.getAttribute("src")),n=new URL(t.value),c.test(n.protocol))&&n.host===r.host&&l.activeElement===s&&(d.top.location.href=t.value))}},d.addEventListener("message",d.wp.receiveEmbedMessage,!1),l.addEventListener("DOMContentLoaded",function(){for(var e,t,s=l.querySelectorAll("iframe.wp-embedded-content"),r=0;r<s.length;r++)(t=(e=s[r]).getAttribute("data-secret"))||(t=Math.random().toString(36).substring(2,12),e.src+="#?secret="+t,e.setAttribute("data-secret",t)),e.contentWindow.postMessage({message:"ready",secret:t},"*")},!1)))}(window,document);
//# sourceURL=https://reseauquebecoisdesaeroports.ca/wp-includes/js/wp-embed.min.js
/* ]]> */
</script>

À quelques mois du début des travaux agricoles, l’arrivée de travailleurs étrangers soulève des préoccupations. Ceux-ci ne sont pas soumis aux restrictions de voyage mais doivent faire une quarantaine de 14 jours et subir un test de dépistage à leurs frais. Des intervenants spécialisés désirent attirer l’attention sur les enjeux...
