{"version":"1.0","provider_name":"R\u00e9seau qu\u00e9b\u00e9cois des a\u00e9roports","provider_url":"https:\/\/reseauquebecoisdesaeroports.ca\/en\/","author_name":"reseauq","author_url":"https:\/\/reseauquebecoisdesaeroports.ca\/en\/author\/reseauq\/","title":"La d\u00e9put\u00e9e demande une aide cibl\u00e9e pour les a\u00e9roports r\u00e9gionaux - R\u00e9seau qu\u00e9b\u00e9cois des a\u00e9roports","type":"rich","width":600,"height":338,"html":"<blockquote class=\"wp-embedded-content\" data-secret=\"VfKFAp4LCP\"><a href=\"https:\/\/reseauquebecoisdesaeroports.ca\/en\/new\/deputee-demande-aide-ciblee-aeroports-regionaux-2\/\">La d\u00e9put\u00e9e demande une aide cibl\u00e9e pour les a\u00e9roports r\u00e9gionaux<\/a><\/blockquote><iframe sandbox=\"allow-scripts\" security=\"restricted\" src=\"https:\/\/reseauquebecoisdesaeroports.ca\/en\/new\/deputee-demande-aide-ciblee-aeroports-regionaux-2\/embed\/#?secret=VfKFAp4LCP\" width=\"600\" height=\"338\" title=\"&#8220;La d\u00e9put\u00e9e demande une aide cibl\u00e9e pour les a\u00e9roports r\u00e9gionaux&#8221; &#8212; R\u00e9seau qu\u00e9b\u00e9cois des a\u00e9roports\" data-secret=\"VfKFAp4LCP\" frameborder=\"0\" marginwidth=\"0\" marginheight=\"0\" scrolling=\"no\" class=\"wp-embedded-content\"><\/iframe><script type=\"text\/javascript\">\n\/* <![CDATA[ *\/\n\/*! This file is auto-generated *\/\n!function(d,l){\"use strict\";l.querySelector&&d.addEventListener&&\"undefined\"!=typeof URL&&(d.wp=d.wp||{},d.wp.receiveEmbedMessage||(d.wp.receiveEmbedMessage=function(e){var t=e.data;if((t||t.secret||t.message||t.value)&&!\/[^a-zA-Z0-9]\/.test(t.secret)){for(var s,r,n,a=l.querySelectorAll('iframe[data-secret=\"'+t.secret+'\"]'),o=l.querySelectorAll('blockquote[data-secret=\"'+t.secret+'\"]'),c=new RegExp(\"^https?:$\",\"i\"),i=0;i<o.length;i++)o[i].style.display=\"none\";for(i=0;i<a.length;i++)s=a[i],e.source===s.contentWindow&&(s.removeAttribute(\"style\"),\"height\"===t.message?(1e3<(r=parseInt(t.value,10))?r=1e3:~~r<200&&(r=200),s.height=r):\"link\"===t.message&&(r=new URL(s.getAttribute(\"src\")),n=new URL(t.value),c.test(n.protocol))&&n.host===r.host&&l.activeElement===s&&(d.top.location.href=t.value))}},d.addEventListener(\"message\",d.wp.receiveEmbedMessage,!1),l.addEventListener(\"DOMContentLoaded\",function(){for(var e,t,s=l.querySelectorAll(\"iframe.wp-embedded-content\"),r=0;r<s.length;r++)(t=(e=s[r]).getAttribute(\"data-secret\"))||(t=Math.random().toString(36).substring(2,12),e.src+=\"#?secret=\"+t,e.setAttribute(\"data-secret\",t)),e.contentWindow.postMessage({message:\"ready\",secret:t},\"*\")},!1)))}(window,document);\n\/\/# sourceURL=https:\/\/reseauquebecoisdesaeroports.ca\/wp-includes\/js\/wp-embed.min.js\n\/* ]]> *\/\n<\/script>\n","description":"La d\u00e9put\u00e9e bloquiste d\u2019Avignon-La Mitis-Matane-Matap\u00e9dia, Kristina Michaud, a interpell\u00e9 le ministre des Transports du Canada, Marc Garneau, afin qu\u2019il mette en place un programme d\u2019aide financi\u00e8re destin\u00e9 aux a\u00e9roports r\u00e9gionaux. Selon elle, \u00ab le plan de relance de l\u2019industrie a\u00e9rienne doit aller plus loin et inclure de l\u2019aide imm\u00e9diate pour..."}

Réseau québécois des aéroports

La députée demande une aide ciblée pour les aéroports régionaux - Réseau québécois des aéroports

<blockquote class="wp-embedded-content" data-secret="VfKFAp4LCP"><a href="https://reseauquebecoisdesaeroports.ca/en/new/deputee-demande-aide-ciblee-aeroports-regionaux-2/">La députée demande une aide ciblée pour les aéroports régionaux</a></blockquote><iframe sandbox="allow-scripts" security="restricted" src="https://reseauquebecoisdesaeroports.ca/en/new/deputee-demande-aide-ciblee-aeroports-regionaux-2/embed/#?secret=VfKFAp4LCP" width="600" height="338" title="&#8220;La députée demande une aide ciblée pour les aéroports régionaux&#8221; &#8212; Réseau québécois des aéroports" data-secret="VfKFAp4LCP" frameborder="0" marginwidth="0" marginheight="0" scrolling="no" class="wp-embedded-content"></iframe><script type="text/javascript">
/* <![CDATA[ */
/*! This file is auto-generated */
!function(d,l){"use strict";l.querySelector&&d.addEventListener&&"undefined"!=typeof URL&&(d.wp=d.wp||{},d.wp.receiveEmbedMessage||(d.wp.receiveEmbedMessage=function(e){var t=e.data;if((t||t.secret||t.message||t.value)&&!/[^a-zA-Z0-9]/.test(t.secret)){for(var s,r,n,a=l.querySelectorAll('iframe[data-secret="'+t.secret+'"]'),o=l.querySelectorAll('blockquote[data-secret="'+t.secret+'"]'),c=new RegExp("^https?:$","i"),i=0;i<o.length;i++)o[i].style.display="none";for(i=0;i<a.length;i++)s=a[i],e.source===s.contentWindow&&(s.removeAttribute("style"),"height"===t.message?(1e3<(r=parseInt(t.value,10))?r=1e3:~~r<200&&(r=200),s.height=r):"link"===t.message&&(r=new URL(s.getAttribute("src")),n=new URL(t.value),c.test(n.protocol))&&n.host===r.host&&l.activeElement===s&&(d.top.location.href=t.value))}},d.addEventListener("message",d.wp.receiveEmbedMessage,!1),l.addEventListener("DOMContentLoaded",function(){for(var e,t,s=l.querySelectorAll("iframe.wp-embedded-content"),r=0;r<s.length;r++)(t=(e=s[r]).getAttribute("data-secret"))||(t=Math.random().toString(36).substring(2,12),e.src+="#?secret="+t,e.setAttribute("data-secret",t)),e.contentWindow.postMessage({message:"ready",secret:t},"*")},!1)))}(window,document);
//# sourceURL=https://reseauquebecoisdesaeroports.ca/wp-includes/js/wp-embed.min.js
/* ]]> */
</script>

La députée bloquiste d’Avignon-La Mitis-Matane-Matapédia, Kristina Michaud, a interpellé le ministre des Transports du Canada, Marc Garneau, afin qu’il mette en place un programme d’aide financière destiné aux aéroports régionaux. Selon elle, « le plan de relance de l’industrie aérienne doit aller plus loin et inclure de l’aide immédiate pour...
