{"version":"1.0","provider_name":"R\u00e9seau qu\u00e9b\u00e9cois des a\u00e9roports","provider_url":"https:\/\/reseauquebecoisdesaeroports.ca\/en\/","author_name":"reseauq","author_url":"https:\/\/reseauquebecoisdesaeroports.ca\/en\/author\/reseauq\/","title":"Gasp\u00e9 veut 800 000$ pour combler le d\u00e9ficit de l\u2019a\u00e9roport - R\u00e9seau qu\u00e9b\u00e9cois des a\u00e9roports","type":"rich","width":600,"height":338,"html":"<blockquote class=\"wp-embedded-content\" data-secret=\"g4K3k037hO\"><a href=\"https:\/\/reseauquebecoisdesaeroports.ca\/en\/new\/gaspe-veut-800000-combler-deficit-aeroport\/\">Gasp\u00e9 veut 800 000$ pour combler le d\u00e9ficit de l\u2019a\u00e9roport<\/a><\/blockquote><iframe sandbox=\"allow-scripts\" security=\"restricted\" src=\"https:\/\/reseauquebecoisdesaeroports.ca\/en\/new\/gaspe-veut-800000-combler-deficit-aeroport\/embed\/#?secret=g4K3k037hO\" width=\"600\" height=\"338\" title=\"&#8220;Gasp\u00e9 veut 800 000$ pour combler le d\u00e9ficit de l\u2019a\u00e9roport&#8221; &#8212; R\u00e9seau qu\u00e9b\u00e9cois des a\u00e9roports\" data-secret=\"g4K3k037hO\" frameborder=\"0\" marginwidth=\"0\" marginheight=\"0\" scrolling=\"no\" class=\"wp-embedded-content\"><\/iframe><script type=\"text\/javascript\">\n\/* <![CDATA[ *\/\n\/*! This file is auto-generated *\/\n!function(d,l){\"use strict\";l.querySelector&&d.addEventListener&&\"undefined\"!=typeof URL&&(d.wp=d.wp||{},d.wp.receiveEmbedMessage||(d.wp.receiveEmbedMessage=function(e){var t=e.data;if((t||t.secret||t.message||t.value)&&!\/[^a-zA-Z0-9]\/.test(t.secret)){for(var s,r,n,a=l.querySelectorAll('iframe[data-secret=\"'+t.secret+'\"]'),o=l.querySelectorAll('blockquote[data-secret=\"'+t.secret+'\"]'),c=new RegExp(\"^https?:$\",\"i\"),i=0;i<o.length;i++)o[i].style.display=\"none\";for(i=0;i<a.length;i++)s=a[i],e.source===s.contentWindow&&(s.removeAttribute(\"style\"),\"height\"===t.message?(1e3<(r=parseInt(t.value,10))?r=1e3:~~r<200&&(r=200),s.height=r):\"link\"===t.message&&(r=new URL(s.getAttribute(\"src\")),n=new URL(t.value),c.test(n.protocol))&&n.host===r.host&&l.activeElement===s&&(d.top.location.href=t.value))}},d.addEventListener(\"message\",d.wp.receiveEmbedMessage,!1),l.addEventListener(\"DOMContentLoaded\",function(){for(var e,t,s=l.querySelectorAll(\"iframe.wp-embedded-content\"),r=0;r<s.length;r++)(t=(e=s[r]).getAttribute(\"data-secret\"))||(t=Math.random().toString(36).substring(2,12),e.src+=\"#?secret=\"+t,e.setAttribute(\"data-secret\",t)),e.contentWindow.postMessage({message:\"ready\",secret:t},\"*\")},!1)))}(window,document);\n\/\/# sourceURL=https:\/\/reseauquebecoisdesaeroports.ca\/wp-includes\/js\/wp-embed.min.js\n\/* ]]> *\/\n<\/script>\n","description":"La Ville de Gasp\u00e9 a d\u00e9pos\u00e9 une demande d\u2019aide financi\u00e8re au minist\u00e8re des Transports du Qu\u00e9bec et \u00e0 Transports Canada pour combler le d\u00e9ficit de son a\u00e9roport. Depuis le d\u00e9part d\u2019Air Canada, l\u2019a\u00e9roport s\u2019est retrouv\u00e9 sans transporteur r\u00e9gulier pour g\u00e9n\u00e9rer des revenus d\u2019op\u00e9ration stables. Par contre, l\u2019a\u00e9rogare est demeur\u00e9e ouverte..."}

Réseau québécois des aéroports

Gaspé veut 800 000$ pour combler le déficit de l’aéroport - Réseau québécois des aéroports

<blockquote class="wp-embedded-content" data-secret="g4K3k037hO"><a href="https://reseauquebecoisdesaeroports.ca/en/new/gaspe-veut-800000-combler-deficit-aeroport/">Gaspé veut 800 000$ pour combler le déficit de l’aéroport</a></blockquote><iframe sandbox="allow-scripts" security="restricted" src="https://reseauquebecoisdesaeroports.ca/en/new/gaspe-veut-800000-combler-deficit-aeroport/embed/#?secret=g4K3k037hO" width="600" height="338" title="&#8220;Gaspé veut 800 000$ pour combler le déficit de l’aéroport&#8221; &#8212; Réseau québécois des aéroports" data-secret="g4K3k037hO" frameborder="0" marginwidth="0" marginheight="0" scrolling="no" class="wp-embedded-content"></iframe><script type="text/javascript">
/* <![CDATA[ */
/*! This file is auto-generated */
!function(d,l){"use strict";l.querySelector&&d.addEventListener&&"undefined"!=typeof URL&&(d.wp=d.wp||{},d.wp.receiveEmbedMessage||(d.wp.receiveEmbedMessage=function(e){var t=e.data;if((t||t.secret||t.message||t.value)&&!/[^a-zA-Z0-9]/.test(t.secret)){for(var s,r,n,a=l.querySelectorAll('iframe[data-secret="'+t.secret+'"]'),o=l.querySelectorAll('blockquote[data-secret="'+t.secret+'"]'),c=new RegExp("^https?:$","i"),i=0;i<o.length;i++)o[i].style.display="none";for(i=0;i<a.length;i++)s=a[i],e.source===s.contentWindow&&(s.removeAttribute("style"),"height"===t.message?(1e3<(r=parseInt(t.value,10))?r=1e3:~~r<200&&(r=200),s.height=r):"link"===t.message&&(r=new URL(s.getAttribute("src")),n=new URL(t.value),c.test(n.protocol))&&n.host===r.host&&l.activeElement===s&&(d.top.location.href=t.value))}},d.addEventListener("message",d.wp.receiveEmbedMessage,!1),l.addEventListener("DOMContentLoaded",function(){for(var e,t,s=l.querySelectorAll("iframe.wp-embedded-content"),r=0;r<s.length;r++)(t=(e=s[r]).getAttribute("data-secret"))||(t=Math.random().toString(36).substring(2,12),e.src+="#?secret="+t,e.setAttribute("data-secret",t)),e.contentWindow.postMessage({message:"ready",secret:t},"*")},!1)))}(window,document);
//# sourceURL=https://reseauquebecoisdesaeroports.ca/wp-includes/js/wp-embed.min.js
/* ]]> */
</script>

La Ville de Gaspé a déposé une demande d’aide financière au ministère des Transports du Québec et à Transports Canada pour combler le déficit de son aéroport. Depuis le départ d’Air Canada, l’aéroport s’est retrouvé sans transporteur régulier pour générer des revenus d’opération stables. Par contre, l’aérogare est demeurée ouverte...
