{"version":"1.0","provider_name":"R\u00e9seau qu\u00e9b\u00e9cois des a\u00e9roports","provider_url":"https:\/\/reseauquebecoisdesaeroports.ca\/en\/","author_name":"reseauq","author_url":"https:\/\/reseauquebecoisdesaeroports.ca\/en\/author\/reseauq\/","title":"Orly-Bordeaux, Orly-Lyon\u2026 Interdire les vols courts, vrai geste pour le climat ou poudre aux yeux? - R\u00e9seau qu\u00e9b\u00e9cois des a\u00e9roports","type":"rich","width":600,"height":338,"html":"<blockquote class=\"wp-embedded-content\" data-secret=\"ZnaMmSGmrQ\"><a href=\"https:\/\/reseauquebecoisdesaeroports.ca\/en\/new\/orly-bordeaux-orly-lyon-interdire-vols-courts-climat\/\">Orly-Bordeaux, Orly-Lyon\u2026 Interdire les vols courts, vrai geste pour le climat ou poudre aux yeux?<\/a><\/blockquote><iframe sandbox=\"allow-scripts\" security=\"restricted\" src=\"https:\/\/reseauquebecoisdesaeroports.ca\/en\/new\/orly-bordeaux-orly-lyon-interdire-vols-courts-climat\/embed\/#?secret=ZnaMmSGmrQ\" width=\"600\" height=\"338\" title=\"&#8220;Orly-Bordeaux, Orly-Lyon\u2026 Interdire les vols courts, vrai geste pour le climat ou poudre aux yeux?&#8221; &#8212; R\u00e9seau qu\u00e9b\u00e9cois des a\u00e9roports\" data-secret=\"ZnaMmSGmrQ\" frameborder=\"0\" marginwidth=\"0\" marginheight=\"0\" scrolling=\"no\" class=\"wp-embedded-content\"><\/iframe><script type=\"text\/javascript\">\n\/* <![CDATA[ *\/\n\/*! This file is auto-generated *\/\n!function(d,l){\"use strict\";l.querySelector&&d.addEventListener&&\"undefined\"!=typeof URL&&(d.wp=d.wp||{},d.wp.receiveEmbedMessage||(d.wp.receiveEmbedMessage=function(e){var t=e.data;if((t||t.secret||t.message||t.value)&&!\/[^a-zA-Z0-9]\/.test(t.secret)){for(var s,r,n,a=l.querySelectorAll('iframe[data-secret=\"'+t.secret+'\"]'),o=l.querySelectorAll('blockquote[data-secret=\"'+t.secret+'\"]'),c=new RegExp(\"^https?:$\",\"i\"),i=0;i<o.length;i++)o[i].style.display=\"none\";for(i=0;i<a.length;i++)s=a[i],e.source===s.contentWindow&&(s.removeAttribute(\"style\"),\"height\"===t.message?(1e3<(r=parseInt(t.value,10))?r=1e3:~~r<200&&(r=200),s.height=r):\"link\"===t.message&&(r=new URL(s.getAttribute(\"src\")),n=new URL(t.value),c.test(n.protocol))&&n.host===r.host&&l.activeElement===s&&(d.top.location.href=t.value))}},d.addEventListener(\"message\",d.wp.receiveEmbedMessage,!1),l.addEventListener(\"DOMContentLoaded\",function(){for(var e,t,s=l.querySelectorAll(\"iframe.wp-embedded-content\"),r=0;r<s.length;r++)(t=(e=s[r]).getAttribute(\"data-secret\"))||(t=Math.random().toString(36).substring(2,12),e.src+=\"#?secret=\"+t,e.setAttribute(\"data-secret\",t)),e.contentWindow.postMessage({message:\"ready\",secret:t},\"*\")},!1)))}(window,document);\n\/\/# sourceURL=https:\/\/reseauquebecoisdesaeroports.ca\/wp-includes\/js\/wp-embed.min.js\n\/* ]]> *\/\n<\/script>\n","description":"La suppression de lignes \u00ab&nbsp;point \u00e0 point&nbsp;\u00bb ou de certains vols domestiques ne serait pas efficace dans un contexte environnemental. En effet, dans le cas de la France, les voyageurs se rabattraient vers un autre \u00ab&nbsp;hub&nbsp;\u00bb europ\u00e9en pour effectuer leur liaison. Fait \u00e0 noter, l\u2019activit\u00e9 de ces lignes est d\u00e9j\u00e0..."}

Réseau québécois des aéroports

Orly-Bordeaux, Orly-Lyon… Interdire les vols courts, vrai geste pour le climat ou poudre aux yeux? - Réseau québécois des aéroports

<blockquote class="wp-embedded-content" data-secret="ZnaMmSGmrQ"><a href="https://reseauquebecoisdesaeroports.ca/en/new/orly-bordeaux-orly-lyon-interdire-vols-courts-climat/">Orly-Bordeaux, Orly-Lyon… Interdire les vols courts, vrai geste pour le climat ou poudre aux yeux?</a></blockquote><iframe sandbox="allow-scripts" security="restricted" src="https://reseauquebecoisdesaeroports.ca/en/new/orly-bordeaux-orly-lyon-interdire-vols-courts-climat/embed/#?secret=ZnaMmSGmrQ" width="600" height="338" title="&#8220;Orly-Bordeaux, Orly-Lyon… Interdire les vols courts, vrai geste pour le climat ou poudre aux yeux?&#8221; &#8212; Réseau québécois des aéroports" data-secret="ZnaMmSGmrQ" frameborder="0" marginwidth="0" marginheight="0" scrolling="no" class="wp-embedded-content"></iframe><script type="text/javascript">
/* <![CDATA[ */
/*! This file is auto-generated */
!function(d,l){"use strict";l.querySelector&&d.addEventListener&&"undefined"!=typeof URL&&(d.wp=d.wp||{},d.wp.receiveEmbedMessage||(d.wp.receiveEmbedMessage=function(e){var t=e.data;if((t||t.secret||t.message||t.value)&&!/[^a-zA-Z0-9]/.test(t.secret)){for(var s,r,n,a=l.querySelectorAll('iframe[data-secret="'+t.secret+'"]'),o=l.querySelectorAll('blockquote[data-secret="'+t.secret+'"]'),c=new RegExp("^https?:$","i"),i=0;i<o.length;i++)o[i].style.display="none";for(i=0;i<a.length;i++)s=a[i],e.source===s.contentWindow&&(s.removeAttribute("style"),"height"===t.message?(1e3<(r=parseInt(t.value,10))?r=1e3:~~r<200&&(r=200),s.height=r):"link"===t.message&&(r=new URL(s.getAttribute("src")),n=new URL(t.value),c.test(n.protocol))&&n.host===r.host&&l.activeElement===s&&(d.top.location.href=t.value))}},d.addEventListener("message",d.wp.receiveEmbedMessage,!1),l.addEventListener("DOMContentLoaded",function(){for(var e,t,s=l.querySelectorAll("iframe.wp-embedded-content"),r=0;r<s.length;r++)(t=(e=s[r]).getAttribute("data-secret"))||(t=Math.random().toString(36).substring(2,12),e.src+="#?secret="+t,e.setAttribute("data-secret",t)),e.contentWindow.postMessage({message:"ready",secret:t},"*")},!1)))}(window,document);
//# sourceURL=https://reseauquebecoisdesaeroports.ca/wp-includes/js/wp-embed.min.js
/* ]]> */
</script>

La suppression de lignes «&nbsp;point à point&nbsp;» ou de certains vols domestiques ne serait pas efficace dans un contexte environnemental. En effet, dans le cas de la France, les voyageurs se rabattraient vers un autre «&nbsp;hub&nbsp;» européen pour effectuer leur liaison. Fait à noter, l’activité de ces lignes est déjà...
