{"version":"1.0","provider_name":"R\u00e9seau qu\u00e9b\u00e9cois des a\u00e9roports","provider_url":"https:\/\/reseauquebecoisdesaeroports.ca\/en\/","author_name":"reseauq","author_url":"https:\/\/reseauquebecoisdesaeroports.ca\/en\/author\/reseauq\/","title":"Impacts de la pand\u00e9mie : l\u2019a\u00e9roport de Qu\u00e9bec pr\u00e9voit devoir encaisser un d\u00e9ficit total de 100 M$ - R\u00e9seau qu\u00e9b\u00e9cois des a\u00e9roports","type":"rich","width":600,"height":338,"html":"<blockquote class=\"wp-embedded-content\" data-secret=\"xMoHyE9ceR\"><a href=\"https:\/\/reseauquebecoisdesaeroports.ca\/en\/new\/pandemie-aeroport-quebec-deficit-total\/\">Impacts de la pand\u00e9mie : l\u2019a\u00e9roport de Qu\u00e9bec pr\u00e9voit devoir encaisser un d\u00e9ficit total de 100 M$<\/a><\/blockquote><iframe sandbox=\"allow-scripts\" security=\"restricted\" src=\"https:\/\/reseauquebecoisdesaeroports.ca\/en\/new\/pandemie-aeroport-quebec-deficit-total\/embed\/#?secret=xMoHyE9ceR\" width=\"600\" height=\"338\" title=\"&#8220;Impacts de la pand\u00e9mie : l\u2019a\u00e9roport de Qu\u00e9bec pr\u00e9voit devoir encaisser un d\u00e9ficit total de 100 M$&#8221; &#8212; R\u00e9seau qu\u00e9b\u00e9cois des a\u00e9roports\" data-secret=\"xMoHyE9ceR\" frameborder=\"0\" marginwidth=\"0\" marginheight=\"0\" scrolling=\"no\" class=\"wp-embedded-content\"><\/iframe><script type=\"text\/javascript\">\n\/* <![CDATA[ *\/\n\/*! This file is auto-generated *\/\n!function(d,l){\"use strict\";l.querySelector&&d.addEventListener&&\"undefined\"!=typeof URL&&(d.wp=d.wp||{},d.wp.receiveEmbedMessage||(d.wp.receiveEmbedMessage=function(e){var t=e.data;if((t||t.secret||t.message||t.value)&&!\/[^a-zA-Z0-9]\/.test(t.secret)){for(var s,r,n,a=l.querySelectorAll('iframe[data-secret=\"'+t.secret+'\"]'),o=l.querySelectorAll('blockquote[data-secret=\"'+t.secret+'\"]'),c=new RegExp(\"^https?:$\",\"i\"),i=0;i<o.length;i++)o[i].style.display=\"none\";for(i=0;i<a.length;i++)s=a[i],e.source===s.contentWindow&&(s.removeAttribute(\"style\"),\"height\"===t.message?(1e3<(r=parseInt(t.value,10))?r=1e3:~~r<200&&(r=200),s.height=r):\"link\"===t.message&&(r=new URL(s.getAttribute(\"src\")),n=new URL(t.value),c.test(n.protocol))&&n.host===r.host&&l.activeElement===s&&(d.top.location.href=t.value))}},d.addEventListener(\"message\",d.wp.receiveEmbedMessage,!1),l.addEventListener(\"DOMContentLoaded\",function(){for(var e,t,s=l.querySelectorAll(\"iframe.wp-embedded-content\"),r=0;r<s.length;r++)(t=(e=s[r]).getAttribute(\"data-secret\"))||(t=Math.random().toString(36).substring(2,12),e.src+=\"#?secret=\"+t,e.setAttribute(\"data-secret\",t)),e.contentWindow.postMessage({message:\"ready\",secret:t},\"*\")},!1)))}(window,document);\n\/\/# sourceURL=https:\/\/reseauquebecoisdesaeroports.ca\/wp-includes\/js\/wp-embed.min.js\n\/* ]]> *\/\n<\/script>\n","description":"Il faudra au minimum cinq ans pour revenir \u00e0 un achalandage normal \u00e0 l\u2019a\u00e9roport de Qu\u00e9bec. Au pire de la crise, il n\u2019y avait que cinq passagers par jour au lieu des habituels 3000 \u00e0 5000. Dans son plan de relance, la direction de l\u2019a\u00e9roport souhaite am\u00e9nager un nouveau parc..."}

Réseau québécois des aéroports

Impacts de la pandémie : l’aéroport de Québec prévoit devoir encaisser un déficit total de 100 M$ - Réseau québécois des aéroports

<blockquote class="wp-embedded-content" data-secret="xMoHyE9ceR"><a href="https://reseauquebecoisdesaeroports.ca/en/new/pandemie-aeroport-quebec-deficit-total/">Impacts de la pandémie : l’aéroport de Québec prévoit devoir encaisser un déficit total de 100 M$</a></blockquote><iframe sandbox="allow-scripts" security="restricted" src="https://reseauquebecoisdesaeroports.ca/en/new/pandemie-aeroport-quebec-deficit-total/embed/#?secret=xMoHyE9ceR" width="600" height="338" title="&#8220;Impacts de la pandémie : l’aéroport de Québec prévoit devoir encaisser un déficit total de 100 M$&#8221; &#8212; Réseau québécois des aéroports" data-secret="xMoHyE9ceR" frameborder="0" marginwidth="0" marginheight="0" scrolling="no" class="wp-embedded-content"></iframe><script type="text/javascript">
/* <![CDATA[ */
/*! This file is auto-generated */
!function(d,l){"use strict";l.querySelector&&d.addEventListener&&"undefined"!=typeof URL&&(d.wp=d.wp||{},d.wp.receiveEmbedMessage||(d.wp.receiveEmbedMessage=function(e){var t=e.data;if((t||t.secret||t.message||t.value)&&!/[^a-zA-Z0-9]/.test(t.secret)){for(var s,r,n,a=l.querySelectorAll('iframe[data-secret="'+t.secret+'"]'),o=l.querySelectorAll('blockquote[data-secret="'+t.secret+'"]'),c=new RegExp("^https?:$","i"),i=0;i<o.length;i++)o[i].style.display="none";for(i=0;i<a.length;i++)s=a[i],e.source===s.contentWindow&&(s.removeAttribute("style"),"height"===t.message?(1e3<(r=parseInt(t.value,10))?r=1e3:~~r<200&&(r=200),s.height=r):"link"===t.message&&(r=new URL(s.getAttribute("src")),n=new URL(t.value),c.test(n.protocol))&&n.host===r.host&&l.activeElement===s&&(d.top.location.href=t.value))}},d.addEventListener("message",d.wp.receiveEmbedMessage,!1),l.addEventListener("DOMContentLoaded",function(){for(var e,t,s=l.querySelectorAll("iframe.wp-embedded-content"),r=0;r<s.length;r++)(t=(e=s[r]).getAttribute("data-secret"))||(t=Math.random().toString(36).substring(2,12),e.src+="#?secret="+t,e.setAttribute("data-secret",t)),e.contentWindow.postMessage({message:"ready",secret:t},"*")},!1)))}(window,document);
//# sourceURL=https://reseauquebecoisdesaeroports.ca/wp-includes/js/wp-embed.min.js
/* ]]> */
</script>

Il faudra au minimum cinq ans pour revenir à un achalandage normal à l’aéroport de Québec. Au pire de la crise, il n’y avait que cinq passagers par jour au lieu des habituels 3000 à 5000. Dans son plan de relance, la direction de l’aéroport souhaite aménager un nouveau parc...
