{"id":2499,"date":"2020-12-16T20:01:00","date_gmt":"2020-12-16T20:01:04","guid":{"rendered":"https:\/\/reseauquebecoisdesaeroports.ca\/new\/nouvelles-mesures-soutenir-transport-aerien-essentiel-collectivites-eloignees\/"},"modified":"2020-12-16T20:01:00","modified_gmt":"2020-12-16T20:01:04","slug":"nouvelles-mesures-soutenir-transport-aerien-essentiel-collectivites-eloignees","status":"publish","type":"nouvelles","link":"https:\/\/reseauquebecoisdesaeroports.ca\/en\/new\/nouvelles-mesures-soutenir-transport-aerien-essentiel-collectivites-eloignees\/","title":{"rendered":"Nouvelles mesures pour soutenir le transport a\u00e9rien essentiel pour acc\u00e9der aux collectivit\u00e9s \u00e9loign\u00e9es"},"content":{"rendered":"<p>Transports Canada fournit dans un document d&#8217;information des renseignements sur le financement et les mesures de soutien pour assurer un niveau minimum de services de transport essentiels vers les collectivit\u00e9s \u00e9loign\u00e9es. Plusieurs de ces collectivit\u00e9s sont au Qu\u00e9bec. Un montant pr\u00e9cis sera accord\u00e9 par province et calcul\u00e9 selon le nombre de passagers qui ont voyag\u00e9 vers ces destinations.<\/p>\n","protected":false},"author":1,"featured_media":0,"template":"","class_list":["post-2499","nouvelles","type-nouvelles","status-publish"],"acf":[],"yoast_head":"<!-- This site is optimized with the Yoast SEO plugin v25.8 - https:\/\/yoast.com\/wordpress\/plugins\/seo\/ -->\n<title>Nouvelles mesures pour soutenir le transport a\u00e9rien essentiel pour acc\u00e9der aux collectivit\u00e9s \u00e9loign\u00e9es - R\u00e9seau qu\u00e9b\u00e9cois des a\u00e9roports<\/title>\n<meta name=\"robots\" content=\"index, follow, max-snippet:-1, max-image-preview:large, max-video-preview:-1\" \/>\n<link rel=\"canonical\" href=\"https:\/\/reseauquebecoisdesaeroports.ca\/new\/nouvelles-mesures-soutenir-transport-aerien-essentiel-collectivites-eloignees\/\" \/>\n<meta property=\"og:locale\" content=\"en_US\" \/>\n<meta property=\"og:type\" content=\"article\" \/>\n<meta property=\"og:title\" content=\"Nouvelles mesures pour soutenir le transport a\u00e9rien essentiel pour acc\u00e9der aux collectivit\u00e9s \u00e9loign\u00e9es - R\u00e9seau qu\u00e9b\u00e9cois des a\u00e9roports\" \/>\n<meta property=\"og:description\" content=\"Transports Canada fournit dans un document d&#8217;information des renseignements sur le financement et les mesures de soutien pour assurer un niveau minimum de services de transport essentiels vers les collectivit\u00e9s \u00e9loign\u00e9es. Plusieurs de ces collectivit\u00e9s sont au Qu\u00e9bec. Un montant pr\u00e9cis sera accord\u00e9 par province et calcul\u00e9 selon le nombre...\" \/>\n<meta property=\"og:url\" content=\"https:\/\/reseauquebecoisdesaeroports.ca\/new\/nouvelles-mesures-soutenir-transport-aerien-essentiel-collectivites-eloignees\/\" \/>\n<meta property=\"og:site_name\" content=\"R\u00e9seau qu\u00e9b\u00e9cois des a\u00e9roports\" \/>\n<meta name=\"twitter:card\" content=\"summary_large_image\" \/>\n<script type=\"application\/ld+json\" class=\"yoast-schema-graph\">{\"@context\":\"https:\/\/schema.org\",\"@graph\":[{\"@type\":\"WebPage\",\"@id\":\"https:\/\/reseauquebecoisdesaeroports.ca\/new\/nouvelles-mesures-soutenir-transport-aerien-essentiel-collectivites-eloignees\/\",\"url\":\"https:\/\/reseauquebecoisdesaeroports.ca\/new\/nouvelles-mesures-soutenir-transport-aerien-essentiel-collectivites-eloignees\/\",\"name\":\"Nouvelles mesures pour soutenir le transport a\u00e9rien essentiel pour acc\u00e9der aux collectivit\u00e9s \u00e9loign\u00e9es - R\u00e9seau qu\u00e9b\u00e9cois des a\u00e9roports\",\"isPartOf\":{\"@id\":\"https:\/\/reseauquebecoisdesaeroports.ca\/#website\"},\"datePublished\":\"2020-12-16T20:01:04+00:00\",\"breadcrumb\":{\"@id\":\"https:\/\/reseauquebecoisdesaeroports.ca\/new\/nouvelles-mesures-soutenir-transport-aerien-essentiel-collectivites-eloignees\/#breadcrumb\"},\"inLanguage\":\"en-CA\",\"potentialAction\":[{\"@type\":\"ReadAction\",\"target\":[\"https:\/\/reseauquebecoisdesaeroports.ca\/new\/nouvelles-mesures-soutenir-transport-aerien-essentiel-collectivites-eloignees\/\"]}]},{\"@type\":\"BreadcrumbList\",\"@id\":\"https:\/\/reseauquebecoisdesaeroports.ca\/new\/nouvelles-mesures-soutenir-transport-aerien-essentiel-collectivites-eloignees\/#breadcrumb\",\"itemListElement\":[{\"@type\":\"ListItem\",\"position\":1,\"name\":\"Accueil\",\"item\":\"https:\/\/reseauquebecoisdesaeroports.ca\/\"},{\"@type\":\"ListItem\",\"position\":2,\"name\":\"Nouvelles mesures pour soutenir le transport a\u00e9rien essentiel pour acc\u00e9der aux collectivit\u00e9s \u00e9loign\u00e9es\"}]},{\"@type\":\"WebSite\",\"@id\":\"https:\/\/reseauquebecoisdesaeroports.ca\/#website\",\"url\":\"https:\/\/reseauquebecoisdesaeroports.ca\/\",\"name\":\"R\u00e9seau qu\u00e9b\u00e9cois des a\u00e9roports\",\"description\":\"\",\"potentialAction\":[{\"@type\":\"SearchAction\",\"target\":{\"@type\":\"EntryPoint\",\"urlTemplate\":\"https:\/\/reseauquebecoisdesaeroports.ca\/?s={search_term_string}\"},\"query-input\":{\"@type\":\"PropertyValueSpecification\",\"valueRequired\":true,\"valueName\":\"search_term_string\"}}],\"inLanguage\":\"en-CA\"}]}<\/script>\n<!-- \/ Yoast SEO plugin. -->","yoast_head_json":{"title":"Nouvelles mesures pour soutenir le transport a\u00e9rien essentiel pour acc\u00e9der aux collectivit\u00e9s \u00e9loign\u00e9es - R\u00e9seau qu\u00e9b\u00e9cois des a\u00e9roports","robots":{"index":"index","follow":"follow","max-snippet":"max-snippet:-1","max-image-preview":"max-image-preview:large","max-video-preview":"max-video-preview:-1"},"canonical":"https:\/\/reseauquebecoisdesaeroports.ca\/new\/nouvelles-mesures-soutenir-transport-aerien-essentiel-collectivites-eloignees\/","og_locale":"en_US","og_type":"article","og_title":"Nouvelles mesures pour soutenir le transport a\u00e9rien essentiel pour acc\u00e9der aux collectivit\u00e9s \u00e9loign\u00e9es - R\u00e9seau qu\u00e9b\u00e9cois des a\u00e9roports","og_description":"Transports Canada fournit dans un document d&#8217;information des renseignements sur le financement et les mesures de soutien pour assurer un niveau minimum de services de transport essentiels vers les collectivit\u00e9s \u00e9loign\u00e9es. Plusieurs de ces collectivit\u00e9s sont au Qu\u00e9bec. Un montant pr\u00e9cis sera accord\u00e9 par province et calcul\u00e9 selon le nombre...","og_url":"https:\/\/reseauquebecoisdesaeroports.ca\/new\/nouvelles-mesures-soutenir-transport-aerien-essentiel-collectivites-eloignees\/","og_site_name":"R\u00e9seau qu\u00e9b\u00e9cois des a\u00e9roports","twitter_card":"summary_large_image","schema":{"@context":"https:\/\/schema.org","@graph":[{"@type":"WebPage","@id":"https:\/\/reseauquebecoisdesaeroports.ca\/new\/nouvelles-mesures-soutenir-transport-aerien-essentiel-collectivites-eloignees\/","url":"https:\/\/reseauquebecoisdesaeroports.ca\/new\/nouvelles-mesures-soutenir-transport-aerien-essentiel-collectivites-eloignees\/","name":"Nouvelles mesures pour soutenir le transport a\u00e9rien essentiel pour acc\u00e9der aux collectivit\u00e9s \u00e9loign\u00e9es - R\u00e9seau qu\u00e9b\u00e9cois des a\u00e9roports","isPartOf":{"@id":"https:\/\/reseauquebecoisdesaeroports.ca\/#website"},"datePublished":"2020-12-16T20:01:04+00:00","breadcrumb":{"@id":"https:\/\/reseauquebecoisdesaeroports.ca\/new\/nouvelles-mesures-soutenir-transport-aerien-essentiel-collectivites-eloignees\/#breadcrumb"},"inLanguage":"en-CA","potentialAction":[{"@type":"ReadAction","target":["https:\/\/reseauquebecoisdesaeroports.ca\/new\/nouvelles-mesures-soutenir-transport-aerien-essentiel-collectivites-eloignees\/"]}]},{"@type":"BreadcrumbList","@id":"https:\/\/reseauquebecoisdesaeroports.ca\/new\/nouvelles-mesures-soutenir-transport-aerien-essentiel-collectivites-eloignees\/#breadcrumb","itemListElement":[{"@type":"ListItem","position":1,"name":"Accueil","item":"https:\/\/reseauquebecoisdesaeroports.ca\/"},{"@type":"ListItem","position":2,"name":"Nouvelles mesures pour soutenir le transport a\u00e9rien essentiel pour acc\u00e9der aux collectivit\u00e9s \u00e9loign\u00e9es"}]},{"@type":"WebSite","@id":"https:\/\/reseauquebecoisdesaeroports.ca\/#website","url":"https:\/\/reseauquebecoisdesaeroports.ca\/","name":"R\u00e9seau qu\u00e9b\u00e9cois des a\u00e9roports","description":"","potentialAction":[{"@type":"SearchAction","target":{"@type":"EntryPoint","urlTemplate":"https:\/\/reseauquebecoisdesaeroports.ca\/?s={search_term_string}"},"query-input":{"@type":"PropertyValueSpecification","valueRequired":true,"valueName":"search_term_string"}}],"inLanguage":"en-CA"}]}},"_links":{"self":[{"href":"https:\/\/reseauquebecoisdesaeroports.ca\/en\/wp-json\/wp\/v2\/nouvelles\/2499","targetHints":{"allow":["GET"]}}],"collection":[{"href":"https:\/\/reseauquebecoisdesaeroports.ca\/en\/wp-json\/wp\/v2\/nouvelles"}],"about":[{"href":"https:\/\/reseauquebecoisdesaeroports.ca\/en\/wp-json\/wp\/v2\/types\/nouvelles"}],"author":[{"embeddable":true,"href":"https:\/\/reseauquebecoisdesaeroports.ca\/en\/wp-json\/wp\/v2\/users\/1"}],"wp:attachment":[{"href":"https:\/\/reseauquebecoisdesaeroports.ca\/en\/wp-json\/wp\/v2\/media?parent=2499"}],"curies":[{"name":"wp","href":"https:\/\/api.w.org\/{rel}","templated":true}]}}

Nouvelles mesures pour soutenir le transport aérien essentiel pour accéder aux collectivités éloignées

<p>Transports Canada fournit dans un document d&#8217;information des renseignements sur le financement et les mesures de soutien pour assurer un niveau minimum de services de transport essentiels vers les collectivités éloignées. Plusieurs de ces collectivités sont au Québec. Un montant précis sera accordé par province et calculé selon le nombre de passagers qui ont voyagé vers ces destinations.</p>

<!-- This site is optimized with the Yoast SEO plugin v25.8 - https://yoast.com/wordpress/plugins/seo/ -->
<title>Nouvelles mesures pour soutenir le transport aérien essentiel pour accéder aux collectivités éloignées - Réseau québécois des aéroports</title>
<meta name="robots" content="index, follow, max-snippet:-1, max-image-preview:large, max-video-preview:-1" />
<link rel="canonical" href="https://reseauquebecoisdesaeroports.ca/new/nouvelles-mesures-soutenir-transport-aerien-essentiel-collectivites-eloignees/" />
<meta property="og:locale" content="en_US" />
<meta property="og:type" content="article" />
<meta property="og:title" content="Nouvelles mesures pour soutenir le transport aérien essentiel pour accéder aux collectivités éloignées - Réseau québécois des aéroports" />
<meta property="og:description" content="Transports Canada fournit dans un document d&#8217;information des renseignements sur le financement et les mesures de soutien pour assurer un niveau minimum de services de transport essentiels vers les collectivités éloignées. Plusieurs de ces collectivités sont au Québec. Un montant précis sera accordé par province et calculé selon le nombre..." />
<meta property="og:url" content="https://reseauquebecoisdesaeroports.ca/new/nouvelles-mesures-soutenir-transport-aerien-essentiel-collectivites-eloignees/" />
<meta property="og:site_name" content="Réseau québécois des aéroports" />
<meta name="twitter:card" content="summary_large_image" />
<script type="application/ld+json" class="yoast-schema-graph">{"@context":"https://schema.org","@graph":[{"@type":"WebPage","@id":"https://reseauquebecoisdesaeroports.ca/new/nouvelles-mesures-soutenir-transport-aerien-essentiel-collectivites-eloignees/","url":"https://reseauquebecoisdesaeroports.ca/new/nouvelles-mesures-soutenir-transport-aerien-essentiel-collectivites-eloignees/","name":"Nouvelles mesures pour soutenir le transport aérien essentiel pour accéder aux collectivités éloignées - Réseau québécois des aéroports","isPartOf":{"@id":"https://reseauquebecoisdesaeroports.ca/#website"},"datePublished":"2020-12-16T20:01:04+00:00","breadcrumb":{"@id":"https://reseauquebecoisdesaeroports.ca/new/nouvelles-mesures-soutenir-transport-aerien-essentiel-collectivites-eloignees/#breadcrumb"},"inLanguage":"en-CA","potentialAction":[{"@type":"ReadAction","target":["https://reseauquebecoisdesaeroports.ca/new/nouvelles-mesures-soutenir-transport-aerien-essentiel-collectivites-eloignees/"]}]},{"@type":"BreadcrumbList","@id":"https://reseauquebecoisdesaeroports.ca/new/nouvelles-mesures-soutenir-transport-aerien-essentiel-collectivites-eloignees/#breadcrumb","itemListElement":[{"@type":"ListItem","position":1,"name":"Accueil","item":"https://reseauquebecoisdesaeroports.ca/"},{"@type":"ListItem","position":2,"name":"Nouvelles mesures pour soutenir le transport aérien essentiel pour accéder aux collectivités éloignées"}]},{"@type":"WebSite","@id":"https://reseauquebecoisdesaeroports.ca/#website","url":"https://reseauquebecoisdesaeroports.ca/","name":"Réseau québécois des aéroports","description":"","potentialAction":[{"@type":"SearchAction","target":{"@type":"EntryPoint","urlTemplate":"https://reseauquebecoisdesaeroports.ca/?s={search_term_string}"},"query-input":{"@type":"PropertyValueSpecification","valueRequired":true,"valueName":"search_term_string"}}],"inLanguage":"en-CA"}]}</script>
<!-- / Yoast SEO plugin. -->

Nouvelles mesures pour soutenir le transport aérien essentiel pour accéder aux collectivités éloignées - Réseau québécois des aéroports

Transports Canada fournit dans un document d&#8217;information des renseignements sur le financement et les mesures de soutien pour assurer un niveau minimum de services de transport essentiels vers les collectivités éloignées. Plusieurs de ces collectivités sont au Québec. Un montant précis sera accordé par province et calculé selon le nombre...

Réseau québécois des aéroports
