{"id":2511,"date":"2021-01-06T20:03:00","date_gmt":"2021-01-06T20:03:37","guid":{"rendered":"https:\/\/reseauquebecoisdesaeroports.ca\/new\/2020-mouvementee-aviation-regionale-est-quebec\/"},"modified":"2021-01-06T20:03:00","modified_gmt":"2021-01-06T20:03:37","slug":"2020-mouvementee-aviation-regionale-est-quebec","status":"publish","type":"nouvelles","link":"https:\/\/reseauquebecoisdesaeroports.ca\/en\/new\/2020-mouvementee-aviation-regionale-est-quebec\/","title":{"rendered":"Une ann\u00e9e 2020 mouvement\u00e9e pour le secteur de l\u2019aviation r\u00e9gionale dans l\u2019Est-du-Qu\u00e9bec"},"content":{"rendered":"<p>L\u2019abandon de plusieurs dessertes r\u00e9gionales par Air Canada a marqu\u00e9 l\u2019ann\u00e9e 2020. Bien que d\u2019autres transporteurs aient bonifi\u00e9 leur offre, le volume des voyageurs est toujours faible. Le gouvernement a mis en place le Groupe d\u2019intervention sur le transport a\u00e9rien. Le prix \u00e9lev\u00e9 des billets demeure toujours un enjeu.<\/p>\n","protected":false},"author":1,"featured_media":0,"template":"","class_list":["post-2511","nouvelles","type-nouvelles","status-publish"],"acf":[],"yoast_head":"<!-- This site is optimized with the Yoast SEO plugin v25.8 - https:\/\/yoast.com\/wordpress\/plugins\/seo\/ -->\n<title>Une ann\u00e9e 2020 mouvement\u00e9e pour le secteur de l\u2019aviation r\u00e9gionale dans l\u2019Est-du-Qu\u00e9bec - R\u00e9seau qu\u00e9b\u00e9cois des a\u00e9roports<\/title>\n<meta name=\"robots\" content=\"index, follow, max-snippet:-1, max-image-preview:large, max-video-preview:-1\" \/>\n<link rel=\"canonical\" href=\"https:\/\/reseauquebecoisdesaeroports.ca\/new\/2020-mouvementee-aviation-regionale-est-quebec\/\" \/>\n<meta property=\"og:locale\" content=\"en_US\" \/>\n<meta property=\"og:type\" content=\"article\" \/>\n<meta property=\"og:title\" content=\"Une ann\u00e9e 2020 mouvement\u00e9e pour le secteur de l\u2019aviation r\u00e9gionale dans l\u2019Est-du-Qu\u00e9bec - R\u00e9seau qu\u00e9b\u00e9cois des a\u00e9roports\" \/>\n<meta property=\"og:description\" content=\"L\u2019abandon de plusieurs dessertes r\u00e9gionales par Air Canada a marqu\u00e9 l\u2019ann\u00e9e 2020. Bien que d\u2019autres transporteurs aient bonifi\u00e9 leur offre, le volume des voyageurs est toujours faible. Le gouvernement a mis en place le Groupe d\u2019intervention sur le transport a\u00e9rien. Le prix \u00e9lev\u00e9 des billets demeure toujours un enjeu.\" \/>\n<meta property=\"og:url\" content=\"https:\/\/reseauquebecoisdesaeroports.ca\/new\/2020-mouvementee-aviation-regionale-est-quebec\/\" \/>\n<meta property=\"og:site_name\" content=\"R\u00e9seau qu\u00e9b\u00e9cois des a\u00e9roports\" \/>\n<meta name=\"twitter:card\" content=\"summary_large_image\" \/>\n<script type=\"application\/ld+json\" class=\"yoast-schema-graph\">{\"@context\":\"https:\/\/schema.org\",\"@graph\":[{\"@type\":\"WebPage\",\"@id\":\"https:\/\/reseauquebecoisdesaeroports.ca\/new\/2020-mouvementee-aviation-regionale-est-quebec\/\",\"url\":\"https:\/\/reseauquebecoisdesaeroports.ca\/new\/2020-mouvementee-aviation-regionale-est-quebec\/\",\"name\":\"Une ann\u00e9e 2020 mouvement\u00e9e pour le secteur de l\u2019aviation r\u00e9gionale dans l\u2019Est-du-Qu\u00e9bec - R\u00e9seau qu\u00e9b\u00e9cois des a\u00e9roports\",\"isPartOf\":{\"@id\":\"https:\/\/reseauquebecoisdesaeroports.ca\/#website\"},\"datePublished\":\"2021-01-06T20:03:37+00:00\",\"breadcrumb\":{\"@id\":\"https:\/\/reseauquebecoisdesaeroports.ca\/new\/2020-mouvementee-aviation-regionale-est-quebec\/#breadcrumb\"},\"inLanguage\":\"en-CA\",\"potentialAction\":[{\"@type\":\"ReadAction\",\"target\":[\"https:\/\/reseauquebecoisdesaeroports.ca\/new\/2020-mouvementee-aviation-regionale-est-quebec\/\"]}]},{\"@type\":\"BreadcrumbList\",\"@id\":\"https:\/\/reseauquebecoisdesaeroports.ca\/new\/2020-mouvementee-aviation-regionale-est-quebec\/#breadcrumb\",\"itemListElement\":[{\"@type\":\"ListItem\",\"position\":1,\"name\":\"Accueil\",\"item\":\"https:\/\/reseauquebecoisdesaeroports.ca\/\"},{\"@type\":\"ListItem\",\"position\":2,\"name\":\"Une ann\u00e9e 2020 mouvement\u00e9e pour le secteur de l\u2019aviation r\u00e9gionale dans l\u2019Est-du-Qu\u00e9bec\"}]},{\"@type\":\"WebSite\",\"@id\":\"https:\/\/reseauquebecoisdesaeroports.ca\/#website\",\"url\":\"https:\/\/reseauquebecoisdesaeroports.ca\/\",\"name\":\"R\u00e9seau qu\u00e9b\u00e9cois des a\u00e9roports\",\"description\":\"\",\"potentialAction\":[{\"@type\":\"SearchAction\",\"target\":{\"@type\":\"EntryPoint\",\"urlTemplate\":\"https:\/\/reseauquebecoisdesaeroports.ca\/?s={search_term_string}\"},\"query-input\":{\"@type\":\"PropertyValueSpecification\",\"valueRequired\":true,\"valueName\":\"search_term_string\"}}],\"inLanguage\":\"en-CA\"}]}<\/script>\n<!-- \/ Yoast SEO plugin. -->","yoast_head_json":{"title":"Une ann\u00e9e 2020 mouvement\u00e9e pour le secteur de l\u2019aviation r\u00e9gionale dans l\u2019Est-du-Qu\u00e9bec - R\u00e9seau qu\u00e9b\u00e9cois des a\u00e9roports","robots":{"index":"index","follow":"follow","max-snippet":"max-snippet:-1","max-image-preview":"max-image-preview:large","max-video-preview":"max-video-preview:-1"},"canonical":"https:\/\/reseauquebecoisdesaeroports.ca\/new\/2020-mouvementee-aviation-regionale-est-quebec\/","og_locale":"en_US","og_type":"article","og_title":"Une ann\u00e9e 2020 mouvement\u00e9e pour le secteur de l\u2019aviation r\u00e9gionale dans l\u2019Est-du-Qu\u00e9bec - R\u00e9seau qu\u00e9b\u00e9cois des a\u00e9roports","og_description":"L\u2019abandon de plusieurs dessertes r\u00e9gionales par Air Canada a marqu\u00e9 l\u2019ann\u00e9e 2020. Bien que d\u2019autres transporteurs aient bonifi\u00e9 leur offre, le volume des voyageurs est toujours faible. Le gouvernement a mis en place le Groupe d\u2019intervention sur le transport a\u00e9rien. Le prix \u00e9lev\u00e9 des billets demeure toujours un enjeu.","og_url":"https:\/\/reseauquebecoisdesaeroports.ca\/new\/2020-mouvementee-aviation-regionale-est-quebec\/","og_site_name":"R\u00e9seau qu\u00e9b\u00e9cois des a\u00e9roports","twitter_card":"summary_large_image","schema":{"@context":"https:\/\/schema.org","@graph":[{"@type":"WebPage","@id":"https:\/\/reseauquebecoisdesaeroports.ca\/new\/2020-mouvementee-aviation-regionale-est-quebec\/","url":"https:\/\/reseauquebecoisdesaeroports.ca\/new\/2020-mouvementee-aviation-regionale-est-quebec\/","name":"Une ann\u00e9e 2020 mouvement\u00e9e pour le secteur de l\u2019aviation r\u00e9gionale dans l\u2019Est-du-Qu\u00e9bec - R\u00e9seau qu\u00e9b\u00e9cois des a\u00e9roports","isPartOf":{"@id":"https:\/\/reseauquebecoisdesaeroports.ca\/#website"},"datePublished":"2021-01-06T20:03:37+00:00","breadcrumb":{"@id":"https:\/\/reseauquebecoisdesaeroports.ca\/new\/2020-mouvementee-aviation-regionale-est-quebec\/#breadcrumb"},"inLanguage":"en-CA","potentialAction":[{"@type":"ReadAction","target":["https:\/\/reseauquebecoisdesaeroports.ca\/new\/2020-mouvementee-aviation-regionale-est-quebec\/"]}]},{"@type":"BreadcrumbList","@id":"https:\/\/reseauquebecoisdesaeroports.ca\/new\/2020-mouvementee-aviation-regionale-est-quebec\/#breadcrumb","itemListElement":[{"@type":"ListItem","position":1,"name":"Accueil","item":"https:\/\/reseauquebecoisdesaeroports.ca\/"},{"@type":"ListItem","position":2,"name":"Une ann\u00e9e 2020 mouvement\u00e9e pour le secteur de l\u2019aviation r\u00e9gionale dans l\u2019Est-du-Qu\u00e9bec"}]},{"@type":"WebSite","@id":"https:\/\/reseauquebecoisdesaeroports.ca\/#website","url":"https:\/\/reseauquebecoisdesaeroports.ca\/","name":"R\u00e9seau qu\u00e9b\u00e9cois des a\u00e9roports","description":"","potentialAction":[{"@type":"SearchAction","target":{"@type":"EntryPoint","urlTemplate":"https:\/\/reseauquebecoisdesaeroports.ca\/?s={search_term_string}"},"query-input":{"@type":"PropertyValueSpecification","valueRequired":true,"valueName":"search_term_string"}}],"inLanguage":"en-CA"}]}},"_links":{"self":[{"href":"https:\/\/reseauquebecoisdesaeroports.ca\/en\/wp-json\/wp\/v2\/nouvelles\/2511","targetHints":{"allow":["GET"]}}],"collection":[{"href":"https:\/\/reseauquebecoisdesaeroports.ca\/en\/wp-json\/wp\/v2\/nouvelles"}],"about":[{"href":"https:\/\/reseauquebecoisdesaeroports.ca\/en\/wp-json\/wp\/v2\/types\/nouvelles"}],"author":[{"embeddable":true,"href":"https:\/\/reseauquebecoisdesaeroports.ca\/en\/wp-json\/wp\/v2\/users\/1"}],"wp:attachment":[{"href":"https:\/\/reseauquebecoisdesaeroports.ca\/en\/wp-json\/wp\/v2\/media?parent=2511"}],"curies":[{"name":"wp","href":"https:\/\/api.w.org\/{rel}","templated":true}]}}

Une année 2020 mouvementée pour le secteur de l’aviation régionale dans l’Est-du-Québec

<p>L’abandon de plusieurs dessertes régionales par Air Canada a marqué l’année 2020. Bien que d’autres transporteurs aient bonifié leur offre, le volume des voyageurs est toujours faible. Le gouvernement a mis en place le Groupe d’intervention sur le transport aérien. Le prix élevé des billets demeure toujours un enjeu.</p>

<!-- This site is optimized with the Yoast SEO plugin v25.8 - https://yoast.com/wordpress/plugins/seo/ -->
<title>Une année 2020 mouvementée pour le secteur de l’aviation régionale dans l’Est-du-Québec - Réseau québécois des aéroports</title>
<meta name="robots" content="index, follow, max-snippet:-1, max-image-preview:large, max-video-preview:-1" />
<link rel="canonical" href="https://reseauquebecoisdesaeroports.ca/new/2020-mouvementee-aviation-regionale-est-quebec/" />
<meta property="og:locale" content="en_US" />
<meta property="og:type" content="article" />
<meta property="og:title" content="Une année 2020 mouvementée pour le secteur de l’aviation régionale dans l’Est-du-Québec - Réseau québécois des aéroports" />
<meta property="og:description" content="L’abandon de plusieurs dessertes régionales par Air Canada a marqué l’année 2020. Bien que d’autres transporteurs aient bonifié leur offre, le volume des voyageurs est toujours faible. Le gouvernement a mis en place le Groupe d’intervention sur le transport aérien. Le prix élevé des billets demeure toujours un enjeu." />
<meta property="og:url" content="https://reseauquebecoisdesaeroports.ca/new/2020-mouvementee-aviation-regionale-est-quebec/" />
<meta property="og:site_name" content="Réseau québécois des aéroports" />
<meta name="twitter:card" content="summary_large_image" />
<script type="application/ld+json" class="yoast-schema-graph">{"@context":"https://schema.org","@graph":[{"@type":"WebPage","@id":"https://reseauquebecoisdesaeroports.ca/new/2020-mouvementee-aviation-regionale-est-quebec/","url":"https://reseauquebecoisdesaeroports.ca/new/2020-mouvementee-aviation-regionale-est-quebec/","name":"Une année 2020 mouvementée pour le secteur de l’aviation régionale dans l’Est-du-Québec - Réseau québécois des aéroports","isPartOf":{"@id":"https://reseauquebecoisdesaeroports.ca/#website"},"datePublished":"2021-01-06T20:03:37+00:00","breadcrumb":{"@id":"https://reseauquebecoisdesaeroports.ca/new/2020-mouvementee-aviation-regionale-est-quebec/#breadcrumb"},"inLanguage":"en-CA","potentialAction":[{"@type":"ReadAction","target":["https://reseauquebecoisdesaeroports.ca/new/2020-mouvementee-aviation-regionale-est-quebec/"]}]},{"@type":"BreadcrumbList","@id":"https://reseauquebecoisdesaeroports.ca/new/2020-mouvementee-aviation-regionale-est-quebec/#breadcrumb","itemListElement":[{"@type":"ListItem","position":1,"name":"Accueil","item":"https://reseauquebecoisdesaeroports.ca/"},{"@type":"ListItem","position":2,"name":"Une année 2020 mouvementée pour le secteur de l’aviation régionale dans l’Est-du-Québec"}]},{"@type":"WebSite","@id":"https://reseauquebecoisdesaeroports.ca/#website","url":"https://reseauquebecoisdesaeroports.ca/","name":"Réseau québécois des aéroports","description":"","potentialAction":[{"@type":"SearchAction","target":{"@type":"EntryPoint","urlTemplate":"https://reseauquebecoisdesaeroports.ca/?s={search_term_string}"},"query-input":{"@type":"PropertyValueSpecification","valueRequired":true,"valueName":"search_term_string"}}],"inLanguage":"en-CA"}]}</script>
<!-- / Yoast SEO plugin. -->

Une année 2020 mouvementée pour le secteur de l’aviation régionale dans l’Est-du-Québec - Réseau québécois des aéroports

L’abandon de plusieurs dessertes régionales par Air Canada a marqué l’année 2020. Bien que d’autres transporteurs aient bonifié leur offre, le volume des voyageurs est toujours faible. Le gouvernement a mis en place le Groupe d’intervention sur le transport aérien. Le prix élevé des billets demeure toujours un enjeu.

Réseau québécois des aéroports
