{"id":2543,"date":"2021-02-17T20:03:00","date_gmt":"2021-02-17T20:03:30","guid":{"rendered":"https:\/\/reseauquebecoisdesaeroports.ca\/new\/changement-ton-aide-aerien\/"},"modified":"2021-02-17T20:03:00","modified_gmt":"2021-02-17T20:03:30","slug":"changement-ton-aide-aerien","status":"publish","type":"nouvelles","link":"https:\/\/reseauquebecoisdesaeroports.ca\/en\/new\/changement-ton-aide-aerien\/","title":{"rendered":"Changement de ton sur l\u2019aide \u00e0 l\u2019a\u00e9rien"},"content":{"rendered":"<p>Le gouvernement f\u00e9d\u00e9ral reconna\u00eet la collaboration volontaire du secteur a\u00e9rien concernant la suspension de vols vers le Sud. Il ne sait pas quelle forme prendra son plan d\u2019aide, mais il est conscient que des milliers d\u2019emplois sont en jeu. Des discussions seraient en cours. <\/p>\n","protected":false},"author":1,"featured_media":0,"template":"","class_list":["post-2543","nouvelles","type-nouvelles","status-publish"],"acf":[],"yoast_head":"<!-- This site is optimized with the Yoast SEO plugin v25.8 - https:\/\/yoast.com\/wordpress\/plugins\/seo\/ -->\n<title>Changement de ton sur l\u2019aide \u00e0 l\u2019a\u00e9rien - R\u00e9seau qu\u00e9b\u00e9cois des a\u00e9roports<\/title>\n<meta name=\"robots\" content=\"index, follow, max-snippet:-1, max-image-preview:large, max-video-preview:-1\" \/>\n<link rel=\"canonical\" href=\"https:\/\/reseauquebecoisdesaeroports.ca\/new\/changement-ton-aide-aerien\/\" \/>\n<meta property=\"og:locale\" content=\"en_US\" \/>\n<meta property=\"og:type\" content=\"article\" \/>\n<meta property=\"og:title\" content=\"Changement de ton sur l\u2019aide \u00e0 l\u2019a\u00e9rien - R\u00e9seau qu\u00e9b\u00e9cois des a\u00e9roports\" \/>\n<meta property=\"og:description\" content=\"Le gouvernement f\u00e9d\u00e9ral reconna\u00eet la collaboration volontaire du secteur a\u00e9rien concernant la suspension de vols vers le Sud. Il ne sait pas quelle forme prendra son plan d\u2019aide, mais il est conscient que des milliers d\u2019emplois sont en jeu. Des discussions seraient en cours.\" \/>\n<meta property=\"og:url\" content=\"https:\/\/reseauquebecoisdesaeroports.ca\/new\/changement-ton-aide-aerien\/\" \/>\n<meta property=\"og:site_name\" content=\"R\u00e9seau qu\u00e9b\u00e9cois des a\u00e9roports\" \/>\n<meta name=\"twitter:card\" content=\"summary_large_image\" \/>\n<script type=\"application\/ld+json\" class=\"yoast-schema-graph\">{\"@context\":\"https:\/\/schema.org\",\"@graph\":[{\"@type\":\"WebPage\",\"@id\":\"https:\/\/reseauquebecoisdesaeroports.ca\/new\/changement-ton-aide-aerien\/\",\"url\":\"https:\/\/reseauquebecoisdesaeroports.ca\/new\/changement-ton-aide-aerien\/\",\"name\":\"Changement de ton sur l\u2019aide \u00e0 l\u2019a\u00e9rien - R\u00e9seau qu\u00e9b\u00e9cois des a\u00e9roports\",\"isPartOf\":{\"@id\":\"https:\/\/reseauquebecoisdesaeroports.ca\/#website\"},\"datePublished\":\"2021-02-17T20:03:30+00:00\",\"breadcrumb\":{\"@id\":\"https:\/\/reseauquebecoisdesaeroports.ca\/new\/changement-ton-aide-aerien\/#breadcrumb\"},\"inLanguage\":\"en-CA\",\"potentialAction\":[{\"@type\":\"ReadAction\",\"target\":[\"https:\/\/reseauquebecoisdesaeroports.ca\/new\/changement-ton-aide-aerien\/\"]}]},{\"@type\":\"BreadcrumbList\",\"@id\":\"https:\/\/reseauquebecoisdesaeroports.ca\/new\/changement-ton-aide-aerien\/#breadcrumb\",\"itemListElement\":[{\"@type\":\"ListItem\",\"position\":1,\"name\":\"Accueil\",\"item\":\"https:\/\/reseauquebecoisdesaeroports.ca\/\"},{\"@type\":\"ListItem\",\"position\":2,\"name\":\"Changement de ton sur l\u2019aide \u00e0 l\u2019a\u00e9rien\"}]},{\"@type\":\"WebSite\",\"@id\":\"https:\/\/reseauquebecoisdesaeroports.ca\/#website\",\"url\":\"https:\/\/reseauquebecoisdesaeroports.ca\/\",\"name\":\"R\u00e9seau qu\u00e9b\u00e9cois des a\u00e9roports\",\"description\":\"\",\"potentialAction\":[{\"@type\":\"SearchAction\",\"target\":{\"@type\":\"EntryPoint\",\"urlTemplate\":\"https:\/\/reseauquebecoisdesaeroports.ca\/?s={search_term_string}\"},\"query-input\":{\"@type\":\"PropertyValueSpecification\",\"valueRequired\":true,\"valueName\":\"search_term_string\"}}],\"inLanguage\":\"en-CA\"}]}<\/script>\n<!-- \/ Yoast SEO plugin. -->","yoast_head_json":{"title":"Changement de ton sur l\u2019aide \u00e0 l\u2019a\u00e9rien - R\u00e9seau qu\u00e9b\u00e9cois des a\u00e9roports","robots":{"index":"index","follow":"follow","max-snippet":"max-snippet:-1","max-image-preview":"max-image-preview:large","max-video-preview":"max-video-preview:-1"},"canonical":"https:\/\/reseauquebecoisdesaeroports.ca\/new\/changement-ton-aide-aerien\/","og_locale":"en_US","og_type":"article","og_title":"Changement de ton sur l\u2019aide \u00e0 l\u2019a\u00e9rien - R\u00e9seau qu\u00e9b\u00e9cois des a\u00e9roports","og_description":"Le gouvernement f\u00e9d\u00e9ral reconna\u00eet la collaboration volontaire du secteur a\u00e9rien concernant la suspension de vols vers le Sud. Il ne sait pas quelle forme prendra son plan d\u2019aide, mais il est conscient que des milliers d\u2019emplois sont en jeu. Des discussions seraient en cours.","og_url":"https:\/\/reseauquebecoisdesaeroports.ca\/new\/changement-ton-aide-aerien\/","og_site_name":"R\u00e9seau qu\u00e9b\u00e9cois des a\u00e9roports","twitter_card":"summary_large_image","schema":{"@context":"https:\/\/schema.org","@graph":[{"@type":"WebPage","@id":"https:\/\/reseauquebecoisdesaeroports.ca\/new\/changement-ton-aide-aerien\/","url":"https:\/\/reseauquebecoisdesaeroports.ca\/new\/changement-ton-aide-aerien\/","name":"Changement de ton sur l\u2019aide \u00e0 l\u2019a\u00e9rien - R\u00e9seau qu\u00e9b\u00e9cois des a\u00e9roports","isPartOf":{"@id":"https:\/\/reseauquebecoisdesaeroports.ca\/#website"},"datePublished":"2021-02-17T20:03:30+00:00","breadcrumb":{"@id":"https:\/\/reseauquebecoisdesaeroports.ca\/new\/changement-ton-aide-aerien\/#breadcrumb"},"inLanguage":"en-CA","potentialAction":[{"@type":"ReadAction","target":["https:\/\/reseauquebecoisdesaeroports.ca\/new\/changement-ton-aide-aerien\/"]}]},{"@type":"BreadcrumbList","@id":"https:\/\/reseauquebecoisdesaeroports.ca\/new\/changement-ton-aide-aerien\/#breadcrumb","itemListElement":[{"@type":"ListItem","position":1,"name":"Accueil","item":"https:\/\/reseauquebecoisdesaeroports.ca\/"},{"@type":"ListItem","position":2,"name":"Changement de ton sur l\u2019aide \u00e0 l\u2019a\u00e9rien"}]},{"@type":"WebSite","@id":"https:\/\/reseauquebecoisdesaeroports.ca\/#website","url":"https:\/\/reseauquebecoisdesaeroports.ca\/","name":"R\u00e9seau qu\u00e9b\u00e9cois des a\u00e9roports","description":"","potentialAction":[{"@type":"SearchAction","target":{"@type":"EntryPoint","urlTemplate":"https:\/\/reseauquebecoisdesaeroports.ca\/?s={search_term_string}"},"query-input":{"@type":"PropertyValueSpecification","valueRequired":true,"valueName":"search_term_string"}}],"inLanguage":"en-CA"}]}},"_links":{"self":[{"href":"https:\/\/reseauquebecoisdesaeroports.ca\/en\/wp-json\/wp\/v2\/nouvelles\/2543","targetHints":{"allow":["GET"]}}],"collection":[{"href":"https:\/\/reseauquebecoisdesaeroports.ca\/en\/wp-json\/wp\/v2\/nouvelles"}],"about":[{"href":"https:\/\/reseauquebecoisdesaeroports.ca\/en\/wp-json\/wp\/v2\/types\/nouvelles"}],"author":[{"embeddable":true,"href":"https:\/\/reseauquebecoisdesaeroports.ca\/en\/wp-json\/wp\/v2\/users\/1"}],"wp:attachment":[{"href":"https:\/\/reseauquebecoisdesaeroports.ca\/en\/wp-json\/wp\/v2\/media?parent=2543"}],"curies":[{"name":"wp","href":"https:\/\/api.w.org\/{rel}","templated":true}]}}

Changement de ton sur l’aide à l’aérien

<p>Le gouvernement fédéral reconnaît la collaboration volontaire du secteur aérien concernant la suspension de vols vers le Sud. Il ne sait pas quelle forme prendra son plan d’aide, mais il est conscient que des milliers d’emplois sont en jeu. Des discussions seraient en cours. </p>

<!-- This site is optimized with the Yoast SEO plugin v25.8 - https://yoast.com/wordpress/plugins/seo/ -->
<title>Changement de ton sur l’aide à l’aérien - Réseau québécois des aéroports</title>
<meta name="robots" content="index, follow, max-snippet:-1, max-image-preview:large, max-video-preview:-1" />
<link rel="canonical" href="https://reseauquebecoisdesaeroports.ca/new/changement-ton-aide-aerien/" />
<meta property="og:locale" content="en_US" />
<meta property="og:type" content="article" />
<meta property="og:title" content="Changement de ton sur l’aide à l’aérien - Réseau québécois des aéroports" />
<meta property="og:description" content="Le gouvernement fédéral reconnaît la collaboration volontaire du secteur aérien concernant la suspension de vols vers le Sud. Il ne sait pas quelle forme prendra son plan d’aide, mais il est conscient que des milliers d’emplois sont en jeu. Des discussions seraient en cours." />
<meta property="og:url" content="https://reseauquebecoisdesaeroports.ca/new/changement-ton-aide-aerien/" />
<meta property="og:site_name" content="Réseau québécois des aéroports" />
<meta name="twitter:card" content="summary_large_image" />
<script type="application/ld+json" class="yoast-schema-graph">{"@context":"https://schema.org","@graph":[{"@type":"WebPage","@id":"https://reseauquebecoisdesaeroports.ca/new/changement-ton-aide-aerien/","url":"https://reseauquebecoisdesaeroports.ca/new/changement-ton-aide-aerien/","name":"Changement de ton sur l’aide à l’aérien - Réseau québécois des aéroports","isPartOf":{"@id":"https://reseauquebecoisdesaeroports.ca/#website"},"datePublished":"2021-02-17T20:03:30+00:00","breadcrumb":{"@id":"https://reseauquebecoisdesaeroports.ca/new/changement-ton-aide-aerien/#breadcrumb"},"inLanguage":"en-CA","potentialAction":[{"@type":"ReadAction","target":["https://reseauquebecoisdesaeroports.ca/new/changement-ton-aide-aerien/"]}]},{"@type":"BreadcrumbList","@id":"https://reseauquebecoisdesaeroports.ca/new/changement-ton-aide-aerien/#breadcrumb","itemListElement":[{"@type":"ListItem","position":1,"name":"Accueil","item":"https://reseauquebecoisdesaeroports.ca/"},{"@type":"ListItem","position":2,"name":"Changement de ton sur l’aide à l’aérien"}]},{"@type":"WebSite","@id":"https://reseauquebecoisdesaeroports.ca/#website","url":"https://reseauquebecoisdesaeroports.ca/","name":"Réseau québécois des aéroports","description":"","potentialAction":[{"@type":"SearchAction","target":{"@type":"EntryPoint","urlTemplate":"https://reseauquebecoisdesaeroports.ca/?s={search_term_string}"},"query-input":{"@type":"PropertyValueSpecification","valueRequired":true,"valueName":"search_term_string"}}],"inLanguage":"en-CA"}]}</script>
<!-- / Yoast SEO plugin. -->

Changement de ton sur l’aide à l’aérien - Réseau québécois des aéroports

Le gouvernement fédéral reconnaît la collaboration volontaire du secteur aérien concernant la suspension de vols vers le Sud. Il ne sait pas quelle forme prendra son plan d’aide, mais il est conscient que des milliers d’emplois sont en jeu. Des discussions seraient en cours.

Réseau québécois des aéroports
