{"id":2549,"date":"2021-02-24T20:03:00","date_gmt":"2021-02-24T20:03:00","guid":{"rendered":"https:\/\/reseauquebecoisdesaeroports.ca\/new\/covid-19-cisss-cote-nord-controle-frontalier-blanc-sablon-fermont\/"},"modified":"2021-02-24T20:03:00","modified_gmt":"2021-02-24T20:03:00","slug":"covid-19-cisss-cote-nord-controle-frontalier-blanc-sablon-fermont","status":"publish","type":"nouvelles","link":"https:\/\/reseauquebecoisdesaeroports.ca\/en\/new\/covid-19-cisss-cote-nord-controle-frontalier-blanc-sablon-fermont\/","title":{"rendered":"COVID-19 : Le CISSS C\u00f4te-Nord renforce le contr\u00f4le frontalier \u00e0 Blanc-Sablon et Fermont"},"content":{"rendered":"<p>Les mesures de contr\u00f4le entre le Qu\u00e9bec et Terre-Neuve\/Labrador sont renforc\u00e9es \u00e0 Fermont et Blanc-Sablon; on appliquera dor\u00e9navant le protocole de gestion des entr\u00e9es dans les territoires isol\u00e9s \u00e0 toutes les personnes arrivant de Terre-Neuve et du Labrador.<br \/>\nLa Croix-Rouge et la Suret\u00e9 du Qu\u00e9bec seront aussi sur place.<\/p>\n","protected":false},"author":1,"featured_media":0,"template":"","class_list":["post-2549","nouvelles","type-nouvelles","status-publish"],"acf":[],"yoast_head":"<!-- This site is optimized with the Yoast SEO plugin v25.8 - https:\/\/yoast.com\/wordpress\/plugins\/seo\/ -->\n<title>COVID-19 : Le CISSS C\u00f4te-Nord renforce le contr\u00f4le frontalier \u00e0 Blanc-Sablon et Fermont - R\u00e9seau qu\u00e9b\u00e9cois des a\u00e9roports<\/title>\n<meta name=\"robots\" content=\"index, follow, max-snippet:-1, max-image-preview:large, max-video-preview:-1\" \/>\n<link rel=\"canonical\" href=\"https:\/\/reseauquebecoisdesaeroports.ca\/new\/covid-19-cisss-cote-nord-controle-frontalier-blanc-sablon-fermont\/\" \/>\n<meta property=\"og:locale\" content=\"en_US\" \/>\n<meta property=\"og:type\" content=\"article\" \/>\n<meta property=\"og:title\" content=\"COVID-19 : Le CISSS C\u00f4te-Nord renforce le contr\u00f4le frontalier \u00e0 Blanc-Sablon et Fermont - R\u00e9seau qu\u00e9b\u00e9cois des a\u00e9roports\" \/>\n<meta property=\"og:description\" content=\"Les mesures de contr\u00f4le entre le Qu\u00e9bec et Terre-Neuve\/Labrador sont renforc\u00e9es \u00e0 Fermont et Blanc-Sablon; on appliquera dor\u00e9navant le protocole de gestion des entr\u00e9es dans les territoires isol\u00e9s \u00e0 toutes les personnes arrivant de Terre-Neuve et du Labrador. La Croix-Rouge et la Suret\u00e9 du Qu\u00e9bec seront aussi sur place.\" \/>\n<meta property=\"og:url\" content=\"https:\/\/reseauquebecoisdesaeroports.ca\/new\/covid-19-cisss-cote-nord-controle-frontalier-blanc-sablon-fermont\/\" \/>\n<meta property=\"og:site_name\" content=\"R\u00e9seau qu\u00e9b\u00e9cois des a\u00e9roports\" \/>\n<meta name=\"twitter:card\" content=\"summary_large_image\" \/>\n<script type=\"application\/ld+json\" class=\"yoast-schema-graph\">{\"@context\":\"https:\/\/schema.org\",\"@graph\":[{\"@type\":\"WebPage\",\"@id\":\"https:\/\/reseauquebecoisdesaeroports.ca\/new\/covid-19-cisss-cote-nord-controle-frontalier-blanc-sablon-fermont\/\",\"url\":\"https:\/\/reseauquebecoisdesaeroports.ca\/new\/covid-19-cisss-cote-nord-controle-frontalier-blanc-sablon-fermont\/\",\"name\":\"COVID-19 : Le CISSS C\u00f4te-Nord renforce le contr\u00f4le frontalier \u00e0 Blanc-Sablon et Fermont - R\u00e9seau qu\u00e9b\u00e9cois des a\u00e9roports\",\"isPartOf\":{\"@id\":\"https:\/\/reseauquebecoisdesaeroports.ca\/#website\"},\"datePublished\":\"2021-02-24T20:03:00+00:00\",\"breadcrumb\":{\"@id\":\"https:\/\/reseauquebecoisdesaeroports.ca\/new\/covid-19-cisss-cote-nord-controle-frontalier-blanc-sablon-fermont\/#breadcrumb\"},\"inLanguage\":\"en-CA\",\"potentialAction\":[{\"@type\":\"ReadAction\",\"target\":[\"https:\/\/reseauquebecoisdesaeroports.ca\/new\/covid-19-cisss-cote-nord-controle-frontalier-blanc-sablon-fermont\/\"]}]},{\"@type\":\"BreadcrumbList\",\"@id\":\"https:\/\/reseauquebecoisdesaeroports.ca\/new\/covid-19-cisss-cote-nord-controle-frontalier-blanc-sablon-fermont\/#breadcrumb\",\"itemListElement\":[{\"@type\":\"ListItem\",\"position\":1,\"name\":\"Accueil\",\"item\":\"https:\/\/reseauquebecoisdesaeroports.ca\/\"},{\"@type\":\"ListItem\",\"position\":2,\"name\":\"COVID-19 : Le CISSS C\u00f4te-Nord renforce le contr\u00f4le frontalier \u00e0 Blanc-Sablon et Fermont\"}]},{\"@type\":\"WebSite\",\"@id\":\"https:\/\/reseauquebecoisdesaeroports.ca\/#website\",\"url\":\"https:\/\/reseauquebecoisdesaeroports.ca\/\",\"name\":\"R\u00e9seau qu\u00e9b\u00e9cois des a\u00e9roports\",\"description\":\"\",\"potentialAction\":[{\"@type\":\"SearchAction\",\"target\":{\"@type\":\"EntryPoint\",\"urlTemplate\":\"https:\/\/reseauquebecoisdesaeroports.ca\/?s={search_term_string}\"},\"query-input\":{\"@type\":\"PropertyValueSpecification\",\"valueRequired\":true,\"valueName\":\"search_term_string\"}}],\"inLanguage\":\"en-CA\"}]}<\/script>\n<!-- \/ Yoast SEO plugin. -->","yoast_head_json":{"title":"COVID-19 : Le CISSS C\u00f4te-Nord renforce le contr\u00f4le frontalier \u00e0 Blanc-Sablon et Fermont - R\u00e9seau qu\u00e9b\u00e9cois des a\u00e9roports","robots":{"index":"index","follow":"follow","max-snippet":"max-snippet:-1","max-image-preview":"max-image-preview:large","max-video-preview":"max-video-preview:-1"},"canonical":"https:\/\/reseauquebecoisdesaeroports.ca\/new\/covid-19-cisss-cote-nord-controle-frontalier-blanc-sablon-fermont\/","og_locale":"en_US","og_type":"article","og_title":"COVID-19 : Le CISSS C\u00f4te-Nord renforce le contr\u00f4le frontalier \u00e0 Blanc-Sablon et Fermont - R\u00e9seau qu\u00e9b\u00e9cois des a\u00e9roports","og_description":"Les mesures de contr\u00f4le entre le Qu\u00e9bec et Terre-Neuve\/Labrador sont renforc\u00e9es \u00e0 Fermont et Blanc-Sablon; on appliquera dor\u00e9navant le protocole de gestion des entr\u00e9es dans les territoires isol\u00e9s \u00e0 toutes les personnes arrivant de Terre-Neuve et du Labrador. La Croix-Rouge et la Suret\u00e9 du Qu\u00e9bec seront aussi sur place.","og_url":"https:\/\/reseauquebecoisdesaeroports.ca\/new\/covid-19-cisss-cote-nord-controle-frontalier-blanc-sablon-fermont\/","og_site_name":"R\u00e9seau qu\u00e9b\u00e9cois des a\u00e9roports","twitter_card":"summary_large_image","schema":{"@context":"https:\/\/schema.org","@graph":[{"@type":"WebPage","@id":"https:\/\/reseauquebecoisdesaeroports.ca\/new\/covid-19-cisss-cote-nord-controle-frontalier-blanc-sablon-fermont\/","url":"https:\/\/reseauquebecoisdesaeroports.ca\/new\/covid-19-cisss-cote-nord-controle-frontalier-blanc-sablon-fermont\/","name":"COVID-19 : Le CISSS C\u00f4te-Nord renforce le contr\u00f4le frontalier \u00e0 Blanc-Sablon et Fermont - R\u00e9seau qu\u00e9b\u00e9cois des a\u00e9roports","isPartOf":{"@id":"https:\/\/reseauquebecoisdesaeroports.ca\/#website"},"datePublished":"2021-02-24T20:03:00+00:00","breadcrumb":{"@id":"https:\/\/reseauquebecoisdesaeroports.ca\/new\/covid-19-cisss-cote-nord-controle-frontalier-blanc-sablon-fermont\/#breadcrumb"},"inLanguage":"en-CA","potentialAction":[{"@type":"ReadAction","target":["https:\/\/reseauquebecoisdesaeroports.ca\/new\/covid-19-cisss-cote-nord-controle-frontalier-blanc-sablon-fermont\/"]}]},{"@type":"BreadcrumbList","@id":"https:\/\/reseauquebecoisdesaeroports.ca\/new\/covid-19-cisss-cote-nord-controle-frontalier-blanc-sablon-fermont\/#breadcrumb","itemListElement":[{"@type":"ListItem","position":1,"name":"Accueil","item":"https:\/\/reseauquebecoisdesaeroports.ca\/"},{"@type":"ListItem","position":2,"name":"COVID-19 : Le CISSS C\u00f4te-Nord renforce le contr\u00f4le frontalier \u00e0 Blanc-Sablon et Fermont"}]},{"@type":"WebSite","@id":"https:\/\/reseauquebecoisdesaeroports.ca\/#website","url":"https:\/\/reseauquebecoisdesaeroports.ca\/","name":"R\u00e9seau qu\u00e9b\u00e9cois des a\u00e9roports","description":"","potentialAction":[{"@type":"SearchAction","target":{"@type":"EntryPoint","urlTemplate":"https:\/\/reseauquebecoisdesaeroports.ca\/?s={search_term_string}"},"query-input":{"@type":"PropertyValueSpecification","valueRequired":true,"valueName":"search_term_string"}}],"inLanguage":"en-CA"}]}},"_links":{"self":[{"href":"https:\/\/reseauquebecoisdesaeroports.ca\/en\/wp-json\/wp\/v2\/nouvelles\/2549","targetHints":{"allow":["GET"]}}],"collection":[{"href":"https:\/\/reseauquebecoisdesaeroports.ca\/en\/wp-json\/wp\/v2\/nouvelles"}],"about":[{"href":"https:\/\/reseauquebecoisdesaeroports.ca\/en\/wp-json\/wp\/v2\/types\/nouvelles"}],"author":[{"embeddable":true,"href":"https:\/\/reseauquebecoisdesaeroports.ca\/en\/wp-json\/wp\/v2\/users\/1"}],"wp:attachment":[{"href":"https:\/\/reseauquebecoisdesaeroports.ca\/en\/wp-json\/wp\/v2\/media?parent=2549"}],"curies":[{"name":"wp","href":"https:\/\/api.w.org\/{rel}","templated":true}]}}

COVID-19 : Le CISSS Côte-Nord renforce le contrôle frontalier à Blanc-Sablon et Fermont

<p>Les mesures de contrôle entre le Québec et Terre-Neuve/Labrador sont renforcées à Fermont et Blanc-Sablon; on appliquera dorénavant le protocole de gestion des entrées dans les territoires isolés à toutes les personnes arrivant de Terre-Neuve et du Labrador.<br />
La Croix-Rouge et la Sureté du Québec seront aussi sur place.</p>

<!-- This site is optimized with the Yoast SEO plugin v25.8 - https://yoast.com/wordpress/plugins/seo/ -->
<title>COVID-19 : Le CISSS Côte-Nord renforce le contrôle frontalier à Blanc-Sablon et Fermont - Réseau québécois des aéroports</title>
<meta name="robots" content="index, follow, max-snippet:-1, max-image-preview:large, max-video-preview:-1" />
<link rel="canonical" href="https://reseauquebecoisdesaeroports.ca/new/covid-19-cisss-cote-nord-controle-frontalier-blanc-sablon-fermont/" />
<meta property="og:locale" content="en_US" />
<meta property="og:type" content="article" />
<meta property="og:title" content="COVID-19 : Le CISSS Côte-Nord renforce le contrôle frontalier à Blanc-Sablon et Fermont - Réseau québécois des aéroports" />
<meta property="og:description" content="Les mesures de contrôle entre le Québec et Terre-Neuve/Labrador sont renforcées à Fermont et Blanc-Sablon; on appliquera dorénavant le protocole de gestion des entrées dans les territoires isolés à toutes les personnes arrivant de Terre-Neuve et du Labrador. La Croix-Rouge et la Sureté du Québec seront aussi sur place." />
<meta property="og:url" content="https://reseauquebecoisdesaeroports.ca/new/covid-19-cisss-cote-nord-controle-frontalier-blanc-sablon-fermont/" />
<meta property="og:site_name" content="Réseau québécois des aéroports" />
<meta name="twitter:card" content="summary_large_image" />
<script type="application/ld+json" class="yoast-schema-graph">{"@context":"https://schema.org","@graph":[{"@type":"WebPage","@id":"https://reseauquebecoisdesaeroports.ca/new/covid-19-cisss-cote-nord-controle-frontalier-blanc-sablon-fermont/","url":"https://reseauquebecoisdesaeroports.ca/new/covid-19-cisss-cote-nord-controle-frontalier-blanc-sablon-fermont/","name":"COVID-19 : Le CISSS Côte-Nord renforce le contrôle frontalier à Blanc-Sablon et Fermont - Réseau québécois des aéroports","isPartOf":{"@id":"https://reseauquebecoisdesaeroports.ca/#website"},"datePublished":"2021-02-24T20:03:00+00:00","breadcrumb":{"@id":"https://reseauquebecoisdesaeroports.ca/new/covid-19-cisss-cote-nord-controle-frontalier-blanc-sablon-fermont/#breadcrumb"},"inLanguage":"en-CA","potentialAction":[{"@type":"ReadAction","target":["https://reseauquebecoisdesaeroports.ca/new/covid-19-cisss-cote-nord-controle-frontalier-blanc-sablon-fermont/"]}]},{"@type":"BreadcrumbList","@id":"https://reseauquebecoisdesaeroports.ca/new/covid-19-cisss-cote-nord-controle-frontalier-blanc-sablon-fermont/#breadcrumb","itemListElement":[{"@type":"ListItem","position":1,"name":"Accueil","item":"https://reseauquebecoisdesaeroports.ca/"},{"@type":"ListItem","position":2,"name":"COVID-19 : Le CISSS Côte-Nord renforce le contrôle frontalier à Blanc-Sablon et Fermont"}]},{"@type":"WebSite","@id":"https://reseauquebecoisdesaeroports.ca/#website","url":"https://reseauquebecoisdesaeroports.ca/","name":"Réseau québécois des aéroports","description":"","potentialAction":[{"@type":"SearchAction","target":{"@type":"EntryPoint","urlTemplate":"https://reseauquebecoisdesaeroports.ca/?s={search_term_string}"},"query-input":{"@type":"PropertyValueSpecification","valueRequired":true,"valueName":"search_term_string"}}],"inLanguage":"en-CA"}]}</script>
<!-- / Yoast SEO plugin. -->

COVID-19 : Le CISSS Côte-Nord renforce le contrôle frontalier à Blanc-Sablon et Fermont - Réseau québécois des aéroports

Les mesures de contrôle entre le Québec et Terre-Neuve/Labrador sont renforcées à Fermont et Blanc-Sablon; on appliquera dorénavant le protocole de gestion des entrées dans les territoires isolés à toutes les personnes arrivant de Terre-Neuve et du Labrador. La Croix-Rouge et la Sureté du Québec seront aussi sur place.

Réseau québécois des aéroports
