{"id":2581,"date":"2021-04-07T19:02:00","date_gmt":"2021-04-07T19:02:38","guid":{"rendered":"https:\/\/reseauquebecoisdesaeroports.ca\/new\/spectacle-aeroport-andre-fortin-victoriaville\/"},"modified":"2021-04-07T19:02:00","modified_gmt":"2021-04-07T19:02:38","slug":"spectacle-aeroport-andre-fortin-victoriaville","status":"publish","type":"nouvelles","link":"https:\/\/reseauquebecoisdesaeroports.ca\/en\/new\/spectacle-aeroport-andre-fortin-victoriaville\/","title":{"rendered":"\u00ab Rallumer les \u00e9toiles \u00bb : un spectacle pr\u00e9sent\u00e9 \u00e0 l\u2019a\u00e9roport Andr\u00e9-Fortin de Victoriaville"},"content":{"rendered":"<p>C\u2019est l\u2019a\u00e9roport Andr\u00e9-Fortin de Victoriaville qui sera le th\u00e9\u00e2tre, le 22 mai prochain, du second spectacle \u00ab Rallumer les \u00e9toiles \u00bb, qui sera capt\u00e9 par T\u00e9l\u00e9-Qu\u00e9bec. Le spectacle, qui permet de mettre en lumi\u00e8re des talents artistiques de m\u00eame que des r\u00e9gions, s\u2019installera \u00e0 Victoriaville, le temps d\u2019une repr\u00e9sentation.<\/p>\n","protected":false},"author":1,"featured_media":0,"template":"","class_list":["post-2581","nouvelles","type-nouvelles","status-publish"],"acf":[],"yoast_head":"<!-- This site is optimized with the Yoast SEO plugin v25.8 - https:\/\/yoast.com\/wordpress\/plugins\/seo\/ -->\n<title>\u00ab Rallumer les \u00e9toiles \u00bb : un spectacle pr\u00e9sent\u00e9 \u00e0 l\u2019a\u00e9roport Andr\u00e9-Fortin de Victoriaville - R\u00e9seau qu\u00e9b\u00e9cois des a\u00e9roports<\/title>\n<meta name=\"robots\" content=\"index, follow, max-snippet:-1, max-image-preview:large, max-video-preview:-1\" \/>\n<link rel=\"canonical\" href=\"https:\/\/reseauquebecoisdesaeroports.ca\/new\/spectacle-aeroport-andre-fortin-victoriaville\/\" \/>\n<meta property=\"og:locale\" content=\"en_US\" \/>\n<meta property=\"og:type\" content=\"article\" \/>\n<meta property=\"og:title\" content=\"\u00ab Rallumer les \u00e9toiles \u00bb : un spectacle pr\u00e9sent\u00e9 \u00e0 l\u2019a\u00e9roport Andr\u00e9-Fortin de Victoriaville - R\u00e9seau qu\u00e9b\u00e9cois des a\u00e9roports\" \/>\n<meta property=\"og:description\" content=\"C\u2019est l\u2019a\u00e9roport Andr\u00e9-Fortin de Victoriaville qui sera le th\u00e9\u00e2tre, le 22 mai prochain, du second spectacle \u00ab Rallumer les \u00e9toiles \u00bb, qui sera capt\u00e9 par T\u00e9l\u00e9-Qu\u00e9bec. Le spectacle, qui permet de mettre en lumi\u00e8re des talents artistiques de m\u00eame que des r\u00e9gions, s\u2019installera \u00e0 Victoriaville, le temps d\u2019une repr\u00e9sentation.\" \/>\n<meta property=\"og:url\" content=\"https:\/\/reseauquebecoisdesaeroports.ca\/new\/spectacle-aeroport-andre-fortin-victoriaville\/\" \/>\n<meta property=\"og:site_name\" content=\"R\u00e9seau qu\u00e9b\u00e9cois des a\u00e9roports\" \/>\n<meta name=\"twitter:card\" content=\"summary_large_image\" \/>\n<script type=\"application\/ld+json\" class=\"yoast-schema-graph\">{\"@context\":\"https:\/\/schema.org\",\"@graph\":[{\"@type\":\"WebPage\",\"@id\":\"https:\/\/reseauquebecoisdesaeroports.ca\/new\/spectacle-aeroport-andre-fortin-victoriaville\/\",\"url\":\"https:\/\/reseauquebecoisdesaeroports.ca\/new\/spectacle-aeroport-andre-fortin-victoriaville\/\",\"name\":\"\u00ab Rallumer les \u00e9toiles \u00bb : un spectacle pr\u00e9sent\u00e9 \u00e0 l\u2019a\u00e9roport Andr\u00e9-Fortin de Victoriaville - R\u00e9seau qu\u00e9b\u00e9cois des a\u00e9roports\",\"isPartOf\":{\"@id\":\"https:\/\/reseauquebecoisdesaeroports.ca\/#website\"},\"datePublished\":\"2021-04-07T19:02:38+00:00\",\"breadcrumb\":{\"@id\":\"https:\/\/reseauquebecoisdesaeroports.ca\/new\/spectacle-aeroport-andre-fortin-victoriaville\/#breadcrumb\"},\"inLanguage\":\"en-CA\",\"potentialAction\":[{\"@type\":\"ReadAction\",\"target\":[\"https:\/\/reseauquebecoisdesaeroports.ca\/new\/spectacle-aeroport-andre-fortin-victoriaville\/\"]}]},{\"@type\":\"BreadcrumbList\",\"@id\":\"https:\/\/reseauquebecoisdesaeroports.ca\/new\/spectacle-aeroport-andre-fortin-victoriaville\/#breadcrumb\",\"itemListElement\":[{\"@type\":\"ListItem\",\"position\":1,\"name\":\"Accueil\",\"item\":\"https:\/\/reseauquebecoisdesaeroports.ca\/\"},{\"@type\":\"ListItem\",\"position\":2,\"name\":\"\u00ab Rallumer les \u00e9toiles \u00bb : un spectacle pr\u00e9sent\u00e9 \u00e0 l\u2019a\u00e9roport Andr\u00e9-Fortin de Victoriaville\"}]},{\"@type\":\"WebSite\",\"@id\":\"https:\/\/reseauquebecoisdesaeroports.ca\/#website\",\"url\":\"https:\/\/reseauquebecoisdesaeroports.ca\/\",\"name\":\"R\u00e9seau qu\u00e9b\u00e9cois des a\u00e9roports\",\"description\":\"\",\"potentialAction\":[{\"@type\":\"SearchAction\",\"target\":{\"@type\":\"EntryPoint\",\"urlTemplate\":\"https:\/\/reseauquebecoisdesaeroports.ca\/?s={search_term_string}\"},\"query-input\":{\"@type\":\"PropertyValueSpecification\",\"valueRequired\":true,\"valueName\":\"search_term_string\"}}],\"inLanguage\":\"en-CA\"}]}<\/script>\n<!-- \/ Yoast SEO plugin. -->","yoast_head_json":{"title":"\u00ab Rallumer les \u00e9toiles \u00bb : un spectacle pr\u00e9sent\u00e9 \u00e0 l\u2019a\u00e9roport Andr\u00e9-Fortin de Victoriaville - R\u00e9seau qu\u00e9b\u00e9cois des a\u00e9roports","robots":{"index":"index","follow":"follow","max-snippet":"max-snippet:-1","max-image-preview":"max-image-preview:large","max-video-preview":"max-video-preview:-1"},"canonical":"https:\/\/reseauquebecoisdesaeroports.ca\/new\/spectacle-aeroport-andre-fortin-victoriaville\/","og_locale":"en_US","og_type":"article","og_title":"\u00ab Rallumer les \u00e9toiles \u00bb : un spectacle pr\u00e9sent\u00e9 \u00e0 l\u2019a\u00e9roport Andr\u00e9-Fortin de Victoriaville - R\u00e9seau qu\u00e9b\u00e9cois des a\u00e9roports","og_description":"C\u2019est l\u2019a\u00e9roport Andr\u00e9-Fortin de Victoriaville qui sera le th\u00e9\u00e2tre, le 22 mai prochain, du second spectacle \u00ab Rallumer les \u00e9toiles \u00bb, qui sera capt\u00e9 par T\u00e9l\u00e9-Qu\u00e9bec. Le spectacle, qui permet de mettre en lumi\u00e8re des talents artistiques de m\u00eame que des r\u00e9gions, s\u2019installera \u00e0 Victoriaville, le temps d\u2019une repr\u00e9sentation.","og_url":"https:\/\/reseauquebecoisdesaeroports.ca\/new\/spectacle-aeroport-andre-fortin-victoriaville\/","og_site_name":"R\u00e9seau qu\u00e9b\u00e9cois des a\u00e9roports","twitter_card":"summary_large_image","schema":{"@context":"https:\/\/schema.org","@graph":[{"@type":"WebPage","@id":"https:\/\/reseauquebecoisdesaeroports.ca\/new\/spectacle-aeroport-andre-fortin-victoriaville\/","url":"https:\/\/reseauquebecoisdesaeroports.ca\/new\/spectacle-aeroport-andre-fortin-victoriaville\/","name":"\u00ab Rallumer les \u00e9toiles \u00bb : un spectacle pr\u00e9sent\u00e9 \u00e0 l\u2019a\u00e9roport Andr\u00e9-Fortin de Victoriaville - R\u00e9seau qu\u00e9b\u00e9cois des a\u00e9roports","isPartOf":{"@id":"https:\/\/reseauquebecoisdesaeroports.ca\/#website"},"datePublished":"2021-04-07T19:02:38+00:00","breadcrumb":{"@id":"https:\/\/reseauquebecoisdesaeroports.ca\/new\/spectacle-aeroport-andre-fortin-victoriaville\/#breadcrumb"},"inLanguage":"en-CA","potentialAction":[{"@type":"ReadAction","target":["https:\/\/reseauquebecoisdesaeroports.ca\/new\/spectacle-aeroport-andre-fortin-victoriaville\/"]}]},{"@type":"BreadcrumbList","@id":"https:\/\/reseauquebecoisdesaeroports.ca\/new\/spectacle-aeroport-andre-fortin-victoriaville\/#breadcrumb","itemListElement":[{"@type":"ListItem","position":1,"name":"Accueil","item":"https:\/\/reseauquebecoisdesaeroports.ca\/"},{"@type":"ListItem","position":2,"name":"\u00ab Rallumer les \u00e9toiles \u00bb : un spectacle pr\u00e9sent\u00e9 \u00e0 l\u2019a\u00e9roport Andr\u00e9-Fortin de Victoriaville"}]},{"@type":"WebSite","@id":"https:\/\/reseauquebecoisdesaeroports.ca\/#website","url":"https:\/\/reseauquebecoisdesaeroports.ca\/","name":"R\u00e9seau qu\u00e9b\u00e9cois des a\u00e9roports","description":"","potentialAction":[{"@type":"SearchAction","target":{"@type":"EntryPoint","urlTemplate":"https:\/\/reseauquebecoisdesaeroports.ca\/?s={search_term_string}"},"query-input":{"@type":"PropertyValueSpecification","valueRequired":true,"valueName":"search_term_string"}}],"inLanguage":"en-CA"}]}},"_links":{"self":[{"href":"https:\/\/reseauquebecoisdesaeroports.ca\/en\/wp-json\/wp\/v2\/nouvelles\/2581","targetHints":{"allow":["GET"]}}],"collection":[{"href":"https:\/\/reseauquebecoisdesaeroports.ca\/en\/wp-json\/wp\/v2\/nouvelles"}],"about":[{"href":"https:\/\/reseauquebecoisdesaeroports.ca\/en\/wp-json\/wp\/v2\/types\/nouvelles"}],"author":[{"embeddable":true,"href":"https:\/\/reseauquebecoisdesaeroports.ca\/en\/wp-json\/wp\/v2\/users\/1"}],"wp:attachment":[{"href":"https:\/\/reseauquebecoisdesaeroports.ca\/en\/wp-json\/wp\/v2\/media?parent=2581"}],"curies":[{"name":"wp","href":"https:\/\/api.w.org\/{rel}","templated":true}]}}

« Rallumer les étoiles » : un spectacle présenté à l’aéroport André-Fortin de Victoriaville

<p>C’est l’aéroport André-Fortin de Victoriaville qui sera le théâtre, le 22 mai prochain, du second spectacle « Rallumer les étoiles », qui sera capté par Télé-Québec. Le spectacle, qui permet de mettre en lumière des talents artistiques de même que des régions, s’installera à Victoriaville, le temps d’une représentation.</p>

<!-- This site is optimized with the Yoast SEO plugin v25.8 - https://yoast.com/wordpress/plugins/seo/ -->
<title>« Rallumer les étoiles » : un spectacle présenté à l’aéroport André-Fortin de Victoriaville - Réseau québécois des aéroports</title>
<meta name="robots" content="index, follow, max-snippet:-1, max-image-preview:large, max-video-preview:-1" />
<link rel="canonical" href="https://reseauquebecoisdesaeroports.ca/new/spectacle-aeroport-andre-fortin-victoriaville/" />
<meta property="og:locale" content="en_US" />
<meta property="og:type" content="article" />
<meta property="og:title" content="« Rallumer les étoiles » : un spectacle présenté à l’aéroport André-Fortin de Victoriaville - Réseau québécois des aéroports" />
<meta property="og:description" content="C’est l’aéroport André-Fortin de Victoriaville qui sera le théâtre, le 22 mai prochain, du second spectacle « Rallumer les étoiles », qui sera capté par Télé-Québec. Le spectacle, qui permet de mettre en lumière des talents artistiques de même que des régions, s’installera à Victoriaville, le temps d’une représentation." />
<meta property="og:url" content="https://reseauquebecoisdesaeroports.ca/new/spectacle-aeroport-andre-fortin-victoriaville/" />
<meta property="og:site_name" content="Réseau québécois des aéroports" />
<meta name="twitter:card" content="summary_large_image" />
<script type="application/ld+json" class="yoast-schema-graph">{"@context":"https://schema.org","@graph":[{"@type":"WebPage","@id":"https://reseauquebecoisdesaeroports.ca/new/spectacle-aeroport-andre-fortin-victoriaville/","url":"https://reseauquebecoisdesaeroports.ca/new/spectacle-aeroport-andre-fortin-victoriaville/","name":"« Rallumer les étoiles » : un spectacle présenté à l’aéroport André-Fortin de Victoriaville - Réseau québécois des aéroports","isPartOf":{"@id":"https://reseauquebecoisdesaeroports.ca/#website"},"datePublished":"2021-04-07T19:02:38+00:00","breadcrumb":{"@id":"https://reseauquebecoisdesaeroports.ca/new/spectacle-aeroport-andre-fortin-victoriaville/#breadcrumb"},"inLanguage":"en-CA","potentialAction":[{"@type":"ReadAction","target":["https://reseauquebecoisdesaeroports.ca/new/spectacle-aeroport-andre-fortin-victoriaville/"]}]},{"@type":"BreadcrumbList","@id":"https://reseauquebecoisdesaeroports.ca/new/spectacle-aeroport-andre-fortin-victoriaville/#breadcrumb","itemListElement":[{"@type":"ListItem","position":1,"name":"Accueil","item":"https://reseauquebecoisdesaeroports.ca/"},{"@type":"ListItem","position":2,"name":"« Rallumer les étoiles » : un spectacle présenté à l’aéroport André-Fortin de Victoriaville"}]},{"@type":"WebSite","@id":"https://reseauquebecoisdesaeroports.ca/#website","url":"https://reseauquebecoisdesaeroports.ca/","name":"Réseau québécois des aéroports","description":"","potentialAction":[{"@type":"SearchAction","target":{"@type":"EntryPoint","urlTemplate":"https://reseauquebecoisdesaeroports.ca/?s={search_term_string}"},"query-input":{"@type":"PropertyValueSpecification","valueRequired":true,"valueName":"search_term_string"}}],"inLanguage":"en-CA"}]}</script>
<!-- / Yoast SEO plugin. -->

« Rallumer les étoiles » : un spectacle présenté à l’aéroport André-Fortin de Victoriaville - Réseau québécois des aéroports

C’est l’aéroport André-Fortin de Victoriaville qui sera le théâtre, le 22 mai prochain, du second spectacle « Rallumer les étoiles », qui sera capté par Télé-Québec. Le spectacle, qui permet de mettre en lumière des talents artistiques de même que des régions, s’installera à Victoriaville, le temps d’une représentation.

Réseau québécois des aéroports
