{"id":3199,"date":"2023-01-26T05:00:00","date_gmt":"2023-01-25T14:28:21","guid":{"rendered":"https:\/\/reseauquebecoisdesaeroports.ca\/new\/aeroport-de-mont-joli-il-ny-a-plus-de-vols-directs-mont-joli-montreal\/"},"modified":"2023-01-26T05:00:00","modified_gmt":"2023-01-25T14:28:21","slug":"aeroport-de-mont-joli-il-ny-a-plus-de-vols-directs-mont-joli-montreal","status":"publish","type":"nouvelles","link":"https:\/\/reseauquebecoisdesaeroports.ca\/en\/new\/aeroport-de-mont-joli-il-ny-a-plus-de-vols-directs-mont-joli-montreal\/","title":{"rendered":"A\u00e9roport de Mont-Joli : Il n\u2019y a plus de vols directs Mont-Joli\u2013Montr\u00e9al"},"content":{"rendered":"<p>Aucun transporteur n&#8217;offre d\u00e9sormais de liaison a\u00e9rienne directe vers Montr\u00e9al \u00e0 partir de l&#8217;a\u00e9roport r\u00e9gional de Mont-Joli. Il faut donc maintenant compter de trois \u00e0 sept heures pour se rendre \u00e0 Montr\u00e9al par la voie des airs via Qu\u00e9bec ou Wabush.<\/p>\n","protected":false},"author":1,"featured_media":0,"template":"","class_list":["post-3199","nouvelles","type-nouvelles","status-publish"],"acf":[],"yoast_head":"<!-- This site is optimized with the Yoast SEO plugin v25.8 - https:\/\/yoast.com\/wordpress\/plugins\/seo\/ -->\n<title>A\u00e9roport de Mont-Joli : Il n\u2019y a plus de vols directs Mont-Joli\u2013Montr\u00e9al - R\u00e9seau qu\u00e9b\u00e9cois des a\u00e9roports<\/title>\n<meta name=\"robots\" content=\"index, follow, max-snippet:-1, max-image-preview:large, max-video-preview:-1\" \/>\n<link rel=\"canonical\" href=\"https:\/\/reseauquebecoisdesaeroports.ca\/new\/aeroport-de-mont-joli-il-ny-a-plus-de-vols-directs-mont-joli-montreal\/\" \/>\n<meta property=\"og:locale\" content=\"en_US\" \/>\n<meta property=\"og:type\" content=\"article\" \/>\n<meta property=\"og:title\" content=\"A\u00e9roport de Mont-Joli : Il n\u2019y a plus de vols directs Mont-Joli\u2013Montr\u00e9al - R\u00e9seau qu\u00e9b\u00e9cois des a\u00e9roports\" \/>\n<meta property=\"og:description\" content=\"Aucun transporteur n&#8217;offre d\u00e9sormais de liaison a\u00e9rienne directe vers Montr\u00e9al \u00e0 partir de l&#8217;a\u00e9roport r\u00e9gional de Mont-Joli. Il faut donc maintenant compter de trois \u00e0 sept heures pour se rendre \u00e0 Montr\u00e9al par la voie des airs via Qu\u00e9bec ou Wabush.\" \/>\n<meta property=\"og:url\" content=\"https:\/\/reseauquebecoisdesaeroports.ca\/new\/aeroport-de-mont-joli-il-ny-a-plus-de-vols-directs-mont-joli-montreal\/\" \/>\n<meta property=\"og:site_name\" content=\"R\u00e9seau qu\u00e9b\u00e9cois des a\u00e9roports\" \/>\n<meta name=\"twitter:card\" content=\"summary_large_image\" \/>\n<script type=\"application\/ld+json\" class=\"yoast-schema-graph\">{\"@context\":\"https:\/\/schema.org\",\"@graph\":[{\"@type\":\"WebPage\",\"@id\":\"https:\/\/reseauquebecoisdesaeroports.ca\/new\/aeroport-de-mont-joli-il-ny-a-plus-de-vols-directs-mont-joli-montreal\/\",\"url\":\"https:\/\/reseauquebecoisdesaeroports.ca\/new\/aeroport-de-mont-joli-il-ny-a-plus-de-vols-directs-mont-joli-montreal\/\",\"name\":\"A\u00e9roport de Mont-Joli : Il n\u2019y a plus de vols directs Mont-Joli\u2013Montr\u00e9al - R\u00e9seau qu\u00e9b\u00e9cois des a\u00e9roports\",\"isPartOf\":{\"@id\":\"https:\/\/reseauquebecoisdesaeroports.ca\/#website\"},\"datePublished\":\"2023-01-25T14:28:21+00:00\",\"breadcrumb\":{\"@id\":\"https:\/\/reseauquebecoisdesaeroports.ca\/new\/aeroport-de-mont-joli-il-ny-a-plus-de-vols-directs-mont-joli-montreal\/#breadcrumb\"},\"inLanguage\":\"en-CA\",\"potentialAction\":[{\"@type\":\"ReadAction\",\"target\":[\"https:\/\/reseauquebecoisdesaeroports.ca\/new\/aeroport-de-mont-joli-il-ny-a-plus-de-vols-directs-mont-joli-montreal\/\"]}]},{\"@type\":\"BreadcrumbList\",\"@id\":\"https:\/\/reseauquebecoisdesaeroports.ca\/new\/aeroport-de-mont-joli-il-ny-a-plus-de-vols-directs-mont-joli-montreal\/#breadcrumb\",\"itemListElement\":[{\"@type\":\"ListItem\",\"position\":1,\"name\":\"Accueil\",\"item\":\"https:\/\/reseauquebecoisdesaeroports.ca\/\"},{\"@type\":\"ListItem\",\"position\":2,\"name\":\"A\u00e9roport de Mont-Joli : Il n\u2019y a plus de vols directs Mont-Joli\u2013Montr\u00e9al\"}]},{\"@type\":\"WebSite\",\"@id\":\"https:\/\/reseauquebecoisdesaeroports.ca\/#website\",\"url\":\"https:\/\/reseauquebecoisdesaeroports.ca\/\",\"name\":\"R\u00e9seau qu\u00e9b\u00e9cois des a\u00e9roports\",\"description\":\"\",\"potentialAction\":[{\"@type\":\"SearchAction\",\"target\":{\"@type\":\"EntryPoint\",\"urlTemplate\":\"https:\/\/reseauquebecoisdesaeroports.ca\/?s={search_term_string}\"},\"query-input\":{\"@type\":\"PropertyValueSpecification\",\"valueRequired\":true,\"valueName\":\"search_term_string\"}}],\"inLanguage\":\"en-CA\"}]}<\/script>\n<!-- \/ Yoast SEO plugin. -->","yoast_head_json":{"title":"A\u00e9roport de Mont-Joli : Il n\u2019y a plus de vols directs Mont-Joli\u2013Montr\u00e9al - R\u00e9seau qu\u00e9b\u00e9cois des a\u00e9roports","robots":{"index":"index","follow":"follow","max-snippet":"max-snippet:-1","max-image-preview":"max-image-preview:large","max-video-preview":"max-video-preview:-1"},"canonical":"https:\/\/reseauquebecoisdesaeroports.ca\/new\/aeroport-de-mont-joli-il-ny-a-plus-de-vols-directs-mont-joli-montreal\/","og_locale":"en_US","og_type":"article","og_title":"A\u00e9roport de Mont-Joli : Il n\u2019y a plus de vols directs Mont-Joli\u2013Montr\u00e9al - R\u00e9seau qu\u00e9b\u00e9cois des a\u00e9roports","og_description":"Aucun transporteur n&#8217;offre d\u00e9sormais de liaison a\u00e9rienne directe vers Montr\u00e9al \u00e0 partir de l&#8217;a\u00e9roport r\u00e9gional de Mont-Joli. Il faut donc maintenant compter de trois \u00e0 sept heures pour se rendre \u00e0 Montr\u00e9al par la voie des airs via Qu\u00e9bec ou Wabush.","og_url":"https:\/\/reseauquebecoisdesaeroports.ca\/new\/aeroport-de-mont-joli-il-ny-a-plus-de-vols-directs-mont-joli-montreal\/","og_site_name":"R\u00e9seau qu\u00e9b\u00e9cois des a\u00e9roports","twitter_card":"summary_large_image","schema":{"@context":"https:\/\/schema.org","@graph":[{"@type":"WebPage","@id":"https:\/\/reseauquebecoisdesaeroports.ca\/new\/aeroport-de-mont-joli-il-ny-a-plus-de-vols-directs-mont-joli-montreal\/","url":"https:\/\/reseauquebecoisdesaeroports.ca\/new\/aeroport-de-mont-joli-il-ny-a-plus-de-vols-directs-mont-joli-montreal\/","name":"A\u00e9roport de Mont-Joli : Il n\u2019y a plus de vols directs Mont-Joli\u2013Montr\u00e9al - R\u00e9seau qu\u00e9b\u00e9cois des a\u00e9roports","isPartOf":{"@id":"https:\/\/reseauquebecoisdesaeroports.ca\/#website"},"datePublished":"2023-01-25T14:28:21+00:00","breadcrumb":{"@id":"https:\/\/reseauquebecoisdesaeroports.ca\/new\/aeroport-de-mont-joli-il-ny-a-plus-de-vols-directs-mont-joli-montreal\/#breadcrumb"},"inLanguage":"en-CA","potentialAction":[{"@type":"ReadAction","target":["https:\/\/reseauquebecoisdesaeroports.ca\/new\/aeroport-de-mont-joli-il-ny-a-plus-de-vols-directs-mont-joli-montreal\/"]}]},{"@type":"BreadcrumbList","@id":"https:\/\/reseauquebecoisdesaeroports.ca\/new\/aeroport-de-mont-joli-il-ny-a-plus-de-vols-directs-mont-joli-montreal\/#breadcrumb","itemListElement":[{"@type":"ListItem","position":1,"name":"Accueil","item":"https:\/\/reseauquebecoisdesaeroports.ca\/"},{"@type":"ListItem","position":2,"name":"A\u00e9roport de Mont-Joli : Il n\u2019y a plus de vols directs Mont-Joli\u2013Montr\u00e9al"}]},{"@type":"WebSite","@id":"https:\/\/reseauquebecoisdesaeroports.ca\/#website","url":"https:\/\/reseauquebecoisdesaeroports.ca\/","name":"R\u00e9seau qu\u00e9b\u00e9cois des a\u00e9roports","description":"","potentialAction":[{"@type":"SearchAction","target":{"@type":"EntryPoint","urlTemplate":"https:\/\/reseauquebecoisdesaeroports.ca\/?s={search_term_string}"},"query-input":{"@type":"PropertyValueSpecification","valueRequired":true,"valueName":"search_term_string"}}],"inLanguage":"en-CA"}]}},"_links":{"self":[{"href":"https:\/\/reseauquebecoisdesaeroports.ca\/en\/wp-json\/wp\/v2\/nouvelles\/3199","targetHints":{"allow":["GET"]}}],"collection":[{"href":"https:\/\/reseauquebecoisdesaeroports.ca\/en\/wp-json\/wp\/v2\/nouvelles"}],"about":[{"href":"https:\/\/reseauquebecoisdesaeroports.ca\/en\/wp-json\/wp\/v2\/types\/nouvelles"}],"author":[{"embeddable":true,"href":"https:\/\/reseauquebecoisdesaeroports.ca\/en\/wp-json\/wp\/v2\/users\/1"}],"wp:attachment":[{"href":"https:\/\/reseauquebecoisdesaeroports.ca\/en\/wp-json\/wp\/v2\/media?parent=3199"}],"curies":[{"name":"wp","href":"https:\/\/api.w.org\/{rel}","templated":true}]}}

Aéroport de Mont-Joli : Il n’y a plus de vols directs Mont-Joli–Montréal

<p>Aucun transporteur n&#8217;offre désormais de liaison aérienne directe vers Montréal à partir de l&#8217;aéroport régional de Mont-Joli. Il faut donc maintenant compter de trois à sept heures pour se rendre à Montréal par la voie des airs via Québec ou Wabush.</p>

<!-- This site is optimized with the Yoast SEO plugin v25.8 - https://yoast.com/wordpress/plugins/seo/ -->
<title>Aéroport de Mont-Joli : Il n’y a plus de vols directs Mont-Joli–Montréal - Réseau québécois des aéroports</title>
<meta name="robots" content="index, follow, max-snippet:-1, max-image-preview:large, max-video-preview:-1" />
<link rel="canonical" href="https://reseauquebecoisdesaeroports.ca/new/aeroport-de-mont-joli-il-ny-a-plus-de-vols-directs-mont-joli-montreal/" />
<meta property="og:locale" content="en_US" />
<meta property="og:type" content="article" />
<meta property="og:title" content="Aéroport de Mont-Joli : Il n’y a plus de vols directs Mont-Joli–Montréal - Réseau québécois des aéroports" />
<meta property="og:description" content="Aucun transporteur n&#8217;offre désormais de liaison aérienne directe vers Montréal à partir de l&#8217;aéroport régional de Mont-Joli. Il faut donc maintenant compter de trois à sept heures pour se rendre à Montréal par la voie des airs via Québec ou Wabush." />
<meta property="og:url" content="https://reseauquebecoisdesaeroports.ca/new/aeroport-de-mont-joli-il-ny-a-plus-de-vols-directs-mont-joli-montreal/" />
<meta property="og:site_name" content="Réseau québécois des aéroports" />
<meta name="twitter:card" content="summary_large_image" />
<script type="application/ld+json" class="yoast-schema-graph">{"@context":"https://schema.org","@graph":[{"@type":"WebPage","@id":"https://reseauquebecoisdesaeroports.ca/new/aeroport-de-mont-joli-il-ny-a-plus-de-vols-directs-mont-joli-montreal/","url":"https://reseauquebecoisdesaeroports.ca/new/aeroport-de-mont-joli-il-ny-a-plus-de-vols-directs-mont-joli-montreal/","name":"Aéroport de Mont-Joli : Il n’y a plus de vols directs Mont-Joli–Montréal - Réseau québécois des aéroports","isPartOf":{"@id":"https://reseauquebecoisdesaeroports.ca/#website"},"datePublished":"2023-01-25T14:28:21+00:00","breadcrumb":{"@id":"https://reseauquebecoisdesaeroports.ca/new/aeroport-de-mont-joli-il-ny-a-plus-de-vols-directs-mont-joli-montreal/#breadcrumb"},"inLanguage":"en-CA","potentialAction":[{"@type":"ReadAction","target":["https://reseauquebecoisdesaeroports.ca/new/aeroport-de-mont-joli-il-ny-a-plus-de-vols-directs-mont-joli-montreal/"]}]},{"@type":"BreadcrumbList","@id":"https://reseauquebecoisdesaeroports.ca/new/aeroport-de-mont-joli-il-ny-a-plus-de-vols-directs-mont-joli-montreal/#breadcrumb","itemListElement":[{"@type":"ListItem","position":1,"name":"Accueil","item":"https://reseauquebecoisdesaeroports.ca/"},{"@type":"ListItem","position":2,"name":"Aéroport de Mont-Joli : Il n’y a plus de vols directs Mont-Joli–Montréal"}]},{"@type":"WebSite","@id":"https://reseauquebecoisdesaeroports.ca/#website","url":"https://reseauquebecoisdesaeroports.ca/","name":"Réseau québécois des aéroports","description":"","potentialAction":[{"@type":"SearchAction","target":{"@type":"EntryPoint","urlTemplate":"https://reseauquebecoisdesaeroports.ca/?s={search_term_string}"},"query-input":{"@type":"PropertyValueSpecification","valueRequired":true,"valueName":"search_term_string"}}],"inLanguage":"en-CA"}]}</script>
<!-- / Yoast SEO plugin. -->

Aéroport de Mont-Joli : Il n’y a plus de vols directs Mont-Joli–Montréal - Réseau québécois des aéroports

Aucun transporteur n&#8217;offre désormais de liaison aérienne directe vers Montréal à partir de l&#8217;aéroport régional de Mont-Joli. Il faut donc maintenant compter de trois à sept heures pour se rendre à Montréal par la voie des airs via Québec ou Wabush.

Réseau québécois des aéroports
