{"id":3249,"date":"2023-03-30T04:00:00","date_gmt":"2023-03-29T23:32:33","guid":{"rendered":"https:\/\/reseauquebecoisdesaeroports.ca\/new\/transport-aerien-le-nombre-de-plaintes-sur-le-transport-aerien-a-triple-en-un-an\/"},"modified":"2023-03-30T04:00:00","modified_gmt":"2023-03-29T23:32:33","slug":"transport-aerien-le-nombre-de-plaintes-sur-le-transport-aerien-a-triple-en-un-an","status":"publish","type":"nouvelles","link":"https:\/\/reseauquebecoisdesaeroports.ca\/en\/new\/transport-aerien-le-nombre-de-plaintes-sur-le-transport-aerien-a-triple-en-un-an\/","title":{"rendered":"Transport a\u00e9rien: Le nombre de plaintes sur le transport a\u00e9rien a tripl\u00e9 en un an"},"content":{"rendered":"<p>Le nombre de plaintes plac\u00e9es par des passagers a\u00e9riens aupr\u00e8s de l\u2019organisme de r\u00e9glementation des transports du Canada a plus que tripl\u00e9 au cours de la derni\u00e8re ann\u00e9e, d\u00e9passant d\u00e9sormais le seuil des 42 000.<\/p>\n","protected":false},"author":1,"featured_media":0,"template":"","class_list":["post-3249","nouvelles","type-nouvelles","status-publish"],"acf":[],"yoast_head":"<!-- This site is optimized with the Yoast SEO plugin v25.8 - https:\/\/yoast.com\/wordpress\/plugins\/seo\/ -->\n<title>Transport a\u00e9rien: Le nombre de plaintes sur le transport a\u00e9rien a tripl\u00e9 en un an - R\u00e9seau qu\u00e9b\u00e9cois des a\u00e9roports<\/title>\n<meta name=\"robots\" content=\"index, follow, max-snippet:-1, max-image-preview:large, max-video-preview:-1\" \/>\n<link rel=\"canonical\" href=\"https:\/\/reseauquebecoisdesaeroports.ca\/new\/transport-aerien-le-nombre-de-plaintes-sur-le-transport-aerien-a-triple-en-un-an\/\" \/>\n<meta property=\"og:locale\" content=\"en_US\" \/>\n<meta property=\"og:type\" content=\"article\" \/>\n<meta property=\"og:title\" content=\"Transport a\u00e9rien: Le nombre de plaintes sur le transport a\u00e9rien a tripl\u00e9 en un an - R\u00e9seau qu\u00e9b\u00e9cois des a\u00e9roports\" \/>\n<meta property=\"og:description\" content=\"Le nombre de plaintes plac\u00e9es par des passagers a\u00e9riens aupr\u00e8s de l\u2019organisme de r\u00e9glementation des transports du Canada a plus que tripl\u00e9 au cours de la derni\u00e8re ann\u00e9e, d\u00e9passant d\u00e9sormais le seuil des 42 000.\" \/>\n<meta property=\"og:url\" content=\"https:\/\/reseauquebecoisdesaeroports.ca\/new\/transport-aerien-le-nombre-de-plaintes-sur-le-transport-aerien-a-triple-en-un-an\/\" \/>\n<meta property=\"og:site_name\" content=\"R\u00e9seau qu\u00e9b\u00e9cois des a\u00e9roports\" \/>\n<meta name=\"twitter:card\" content=\"summary_large_image\" \/>\n<script type=\"application\/ld+json\" class=\"yoast-schema-graph\">{\"@context\":\"https:\/\/schema.org\",\"@graph\":[{\"@type\":\"WebPage\",\"@id\":\"https:\/\/reseauquebecoisdesaeroports.ca\/new\/transport-aerien-le-nombre-de-plaintes-sur-le-transport-aerien-a-triple-en-un-an\/\",\"url\":\"https:\/\/reseauquebecoisdesaeroports.ca\/new\/transport-aerien-le-nombre-de-plaintes-sur-le-transport-aerien-a-triple-en-un-an\/\",\"name\":\"Transport a\u00e9rien: Le nombre de plaintes sur le transport a\u00e9rien a tripl\u00e9 en un an - R\u00e9seau qu\u00e9b\u00e9cois des a\u00e9roports\",\"isPartOf\":{\"@id\":\"https:\/\/reseauquebecoisdesaeroports.ca\/#website\"},\"datePublished\":\"2023-03-29T23:32:33+00:00\",\"breadcrumb\":{\"@id\":\"https:\/\/reseauquebecoisdesaeroports.ca\/new\/transport-aerien-le-nombre-de-plaintes-sur-le-transport-aerien-a-triple-en-un-an\/#breadcrumb\"},\"inLanguage\":\"en-CA\",\"potentialAction\":[{\"@type\":\"ReadAction\",\"target\":[\"https:\/\/reseauquebecoisdesaeroports.ca\/new\/transport-aerien-le-nombre-de-plaintes-sur-le-transport-aerien-a-triple-en-un-an\/\"]}]},{\"@type\":\"BreadcrumbList\",\"@id\":\"https:\/\/reseauquebecoisdesaeroports.ca\/new\/transport-aerien-le-nombre-de-plaintes-sur-le-transport-aerien-a-triple-en-un-an\/#breadcrumb\",\"itemListElement\":[{\"@type\":\"ListItem\",\"position\":1,\"name\":\"Accueil\",\"item\":\"https:\/\/reseauquebecoisdesaeroports.ca\/\"},{\"@type\":\"ListItem\",\"position\":2,\"name\":\"Transport a\u00e9rien: Le nombre de plaintes sur le transport a\u00e9rien a tripl\u00e9 en un an\"}]},{\"@type\":\"WebSite\",\"@id\":\"https:\/\/reseauquebecoisdesaeroports.ca\/#website\",\"url\":\"https:\/\/reseauquebecoisdesaeroports.ca\/\",\"name\":\"R\u00e9seau qu\u00e9b\u00e9cois des a\u00e9roports\",\"description\":\"\",\"potentialAction\":[{\"@type\":\"SearchAction\",\"target\":{\"@type\":\"EntryPoint\",\"urlTemplate\":\"https:\/\/reseauquebecoisdesaeroports.ca\/?s={search_term_string}\"},\"query-input\":{\"@type\":\"PropertyValueSpecification\",\"valueRequired\":true,\"valueName\":\"search_term_string\"}}],\"inLanguage\":\"en-CA\"}]}<\/script>\n<!-- \/ Yoast SEO plugin. -->","yoast_head_json":{"title":"Transport a\u00e9rien: Le nombre de plaintes sur le transport a\u00e9rien a tripl\u00e9 en un an - R\u00e9seau qu\u00e9b\u00e9cois des a\u00e9roports","robots":{"index":"index","follow":"follow","max-snippet":"max-snippet:-1","max-image-preview":"max-image-preview:large","max-video-preview":"max-video-preview:-1"},"canonical":"https:\/\/reseauquebecoisdesaeroports.ca\/new\/transport-aerien-le-nombre-de-plaintes-sur-le-transport-aerien-a-triple-en-un-an\/","og_locale":"en_US","og_type":"article","og_title":"Transport a\u00e9rien: Le nombre de plaintes sur le transport a\u00e9rien a tripl\u00e9 en un an - R\u00e9seau qu\u00e9b\u00e9cois des a\u00e9roports","og_description":"Le nombre de plaintes plac\u00e9es par des passagers a\u00e9riens aupr\u00e8s de l\u2019organisme de r\u00e9glementation des transports du Canada a plus que tripl\u00e9 au cours de la derni\u00e8re ann\u00e9e, d\u00e9passant d\u00e9sormais le seuil des 42 000.","og_url":"https:\/\/reseauquebecoisdesaeroports.ca\/new\/transport-aerien-le-nombre-de-plaintes-sur-le-transport-aerien-a-triple-en-un-an\/","og_site_name":"R\u00e9seau qu\u00e9b\u00e9cois des a\u00e9roports","twitter_card":"summary_large_image","schema":{"@context":"https:\/\/schema.org","@graph":[{"@type":"WebPage","@id":"https:\/\/reseauquebecoisdesaeroports.ca\/new\/transport-aerien-le-nombre-de-plaintes-sur-le-transport-aerien-a-triple-en-un-an\/","url":"https:\/\/reseauquebecoisdesaeroports.ca\/new\/transport-aerien-le-nombre-de-plaintes-sur-le-transport-aerien-a-triple-en-un-an\/","name":"Transport a\u00e9rien: Le nombre de plaintes sur le transport a\u00e9rien a tripl\u00e9 en un an - R\u00e9seau qu\u00e9b\u00e9cois des a\u00e9roports","isPartOf":{"@id":"https:\/\/reseauquebecoisdesaeroports.ca\/#website"},"datePublished":"2023-03-29T23:32:33+00:00","breadcrumb":{"@id":"https:\/\/reseauquebecoisdesaeroports.ca\/new\/transport-aerien-le-nombre-de-plaintes-sur-le-transport-aerien-a-triple-en-un-an\/#breadcrumb"},"inLanguage":"en-CA","potentialAction":[{"@type":"ReadAction","target":["https:\/\/reseauquebecoisdesaeroports.ca\/new\/transport-aerien-le-nombre-de-plaintes-sur-le-transport-aerien-a-triple-en-un-an\/"]}]},{"@type":"BreadcrumbList","@id":"https:\/\/reseauquebecoisdesaeroports.ca\/new\/transport-aerien-le-nombre-de-plaintes-sur-le-transport-aerien-a-triple-en-un-an\/#breadcrumb","itemListElement":[{"@type":"ListItem","position":1,"name":"Accueil","item":"https:\/\/reseauquebecoisdesaeroports.ca\/"},{"@type":"ListItem","position":2,"name":"Transport a\u00e9rien: Le nombre de plaintes sur le transport a\u00e9rien a tripl\u00e9 en un an"}]},{"@type":"WebSite","@id":"https:\/\/reseauquebecoisdesaeroports.ca\/#website","url":"https:\/\/reseauquebecoisdesaeroports.ca\/","name":"R\u00e9seau qu\u00e9b\u00e9cois des a\u00e9roports","description":"","potentialAction":[{"@type":"SearchAction","target":{"@type":"EntryPoint","urlTemplate":"https:\/\/reseauquebecoisdesaeroports.ca\/?s={search_term_string}"},"query-input":{"@type":"PropertyValueSpecification","valueRequired":true,"valueName":"search_term_string"}}],"inLanguage":"en-CA"}]}},"_links":{"self":[{"href":"https:\/\/reseauquebecoisdesaeroports.ca\/en\/wp-json\/wp\/v2\/nouvelles\/3249","targetHints":{"allow":["GET"]}}],"collection":[{"href":"https:\/\/reseauquebecoisdesaeroports.ca\/en\/wp-json\/wp\/v2\/nouvelles"}],"about":[{"href":"https:\/\/reseauquebecoisdesaeroports.ca\/en\/wp-json\/wp\/v2\/types\/nouvelles"}],"author":[{"embeddable":true,"href":"https:\/\/reseauquebecoisdesaeroports.ca\/en\/wp-json\/wp\/v2\/users\/1"}],"wp:attachment":[{"href":"https:\/\/reseauquebecoisdesaeroports.ca\/en\/wp-json\/wp\/v2\/media?parent=3249"}],"curies":[{"name":"wp","href":"https:\/\/api.w.org\/{rel}","templated":true}]}}

Transport aérien: Le nombre de plaintes sur le transport aérien a triplé en un an

<p>Le nombre de plaintes placées par des passagers aériens auprès de l’organisme de réglementation des transports du Canada a plus que triplé au cours de la dernière année, dépassant désormais le seuil des 42 000.</p>

<!-- This site is optimized with the Yoast SEO plugin v25.8 - https://yoast.com/wordpress/plugins/seo/ -->
<title>Transport aérien: Le nombre de plaintes sur le transport aérien a triplé en un an - Réseau québécois des aéroports</title>
<meta name="robots" content="index, follow, max-snippet:-1, max-image-preview:large, max-video-preview:-1" />
<link rel="canonical" href="https://reseauquebecoisdesaeroports.ca/new/transport-aerien-le-nombre-de-plaintes-sur-le-transport-aerien-a-triple-en-un-an/" />
<meta property="og:locale" content="en_US" />
<meta property="og:type" content="article" />
<meta property="og:title" content="Transport aérien: Le nombre de plaintes sur le transport aérien a triplé en un an - Réseau québécois des aéroports" />
<meta property="og:description" content="Le nombre de plaintes placées par des passagers aériens auprès de l’organisme de réglementation des transports du Canada a plus que triplé au cours de la dernière année, dépassant désormais le seuil des 42 000." />
<meta property="og:url" content="https://reseauquebecoisdesaeroports.ca/new/transport-aerien-le-nombre-de-plaintes-sur-le-transport-aerien-a-triple-en-un-an/" />
<meta property="og:site_name" content="Réseau québécois des aéroports" />
<meta name="twitter:card" content="summary_large_image" />
<script type="application/ld+json" class="yoast-schema-graph">{"@context":"https://schema.org","@graph":[{"@type":"WebPage","@id":"https://reseauquebecoisdesaeroports.ca/new/transport-aerien-le-nombre-de-plaintes-sur-le-transport-aerien-a-triple-en-un-an/","url":"https://reseauquebecoisdesaeroports.ca/new/transport-aerien-le-nombre-de-plaintes-sur-le-transport-aerien-a-triple-en-un-an/","name":"Transport aérien: Le nombre de plaintes sur le transport aérien a triplé en un an - Réseau québécois des aéroports","isPartOf":{"@id":"https://reseauquebecoisdesaeroports.ca/#website"},"datePublished":"2023-03-29T23:32:33+00:00","breadcrumb":{"@id":"https://reseauquebecoisdesaeroports.ca/new/transport-aerien-le-nombre-de-plaintes-sur-le-transport-aerien-a-triple-en-un-an/#breadcrumb"},"inLanguage":"en-CA","potentialAction":[{"@type":"ReadAction","target":["https://reseauquebecoisdesaeroports.ca/new/transport-aerien-le-nombre-de-plaintes-sur-le-transport-aerien-a-triple-en-un-an/"]}]},{"@type":"BreadcrumbList","@id":"https://reseauquebecoisdesaeroports.ca/new/transport-aerien-le-nombre-de-plaintes-sur-le-transport-aerien-a-triple-en-un-an/#breadcrumb","itemListElement":[{"@type":"ListItem","position":1,"name":"Accueil","item":"https://reseauquebecoisdesaeroports.ca/"},{"@type":"ListItem","position":2,"name":"Transport aérien: Le nombre de plaintes sur le transport aérien a triplé en un an"}]},{"@type":"WebSite","@id":"https://reseauquebecoisdesaeroports.ca/#website","url":"https://reseauquebecoisdesaeroports.ca/","name":"Réseau québécois des aéroports","description":"","potentialAction":[{"@type":"SearchAction","target":{"@type":"EntryPoint","urlTemplate":"https://reseauquebecoisdesaeroports.ca/?s={search_term_string}"},"query-input":{"@type":"PropertyValueSpecification","valueRequired":true,"valueName":"search_term_string"}}],"inLanguage":"en-CA"}]}</script>
<!-- / Yoast SEO plugin. -->

Transport aérien: Le nombre de plaintes sur le transport aérien a triplé en un an - Réseau québécois des aéroports

Le nombre de plaintes placées par des passagers aériens auprès de l’organisme de réglementation des transports du Canada a plus que triplé au cours de la dernière année, dépassant désormais le seuil des 42 000.

Réseau québécois des aéroports
